Last updated on 2022-06-30 01:49:15 CEST.
Flavor | Version | Tinstall | Tcheck | Ttotal | Status | Flags |
---|---|---|---|---|---|---|
r-devel-linux-x86_64-debian-clang | 1.2.0 | 170.77 | 158.09 | 328.86 | OK | |
r-devel-linux-x86_64-debian-gcc | 1.2.0 | 150.54 | 117.70 | 268.24 | OK | |
r-devel-linux-x86_64-fedora-clang | 1.2.0 | 458.75 | NOTE | |||
r-devel-linux-x86_64-fedora-gcc | 1.2.0 | 431.56 | NOTE | |||
r-devel-windows-x86_64 | 1.2.0 | 136.00 | 203.00 | 339.00 | NOTE | |
r-patched-linux-x86_64 | 1.2.0 | 156.07 | 153.88 | 309.95 | OK | |
r-release-linux-x86_64 | 1.2.0 | 154.21 | 150.18 | 304.39 | OK | |
r-release-macos-arm64 | 1.2.0 | 102.00 | NOTE | |||
r-release-macos-x86_64 | 1.2.0 | 140.00 | NOTE | |||
r-release-windows-x86_64 | 1.2.0 | 129.00 | 216.00 | 345.00 | NOTE | |
r-oldrel-macos-arm64 | 1.2.0 | 95.00 | NOTE | |||
r-oldrel-macos-x86_64 | 1.2.0 | 140.00 | NOTE | |||
r-oldrel-windows-ix86+x86_64 | 1.2.0 | 359.00 | 270.00 | 629.00 | NOTE |
Version: 1.2.0
Check: installed package size
Result: NOTE
installed size is 33.0Mb
sub-directories of 1Mb or more:
doc 1.0Mb
extdata 2.1Mb
libs 29.3Mb
Flavors: r-devel-linux-x86_64-fedora-clang, r-devel-windows-x86_64, r-release-macos-arm64, r-release-macos-x86_64, r-release-windows-x86_64, r-oldrel-macos-arm64, r-oldrel-macos-x86_64, r-oldrel-windows-ix86+x86_64
Version: 1.2.0
Check: dependencies in R code
Result: NOTE
Namespace in Imports field not imported from: ‘Rdpack’
All declared Imports should be used.
Flavors: r-devel-linux-x86_64-fedora-clang, r-devel-linux-x86_64-fedora-gcc, r-release-macos-arm64, r-release-macos-x86_64, r-oldrel-macos-arm64, r-oldrel-macos-x86_64