CRAN Package Check Results for Package opinAr

Last updated on 2024-06-13 06:58:11 CEST.

Flavor Version Tinstall Tcheck Ttotal Status Flags
r-devel-linux-x86_64-debian-clang 1.0.0 2.83 30.97 33.80 OK
r-devel-linux-x86_64-debian-gcc 1.0.0 0.28 1.86 2.14 ERROR
r-devel-linux-x86_64-fedora-clang 1.0.0 43.11 OK
r-devel-linux-x86_64-fedora-gcc 1.0.0 53.66 OK
r-devel-windows-x86_64 1.0.0 4.00 45.00 49.00 OK
r-patched-linux-x86_64 1.0.0 2.04 30.36 32.40 OK
r-release-linux-x86_64 1.0.0 1.62 29.97 31.59 OK
r-release-macos-arm64 1.0.0 24.00 OK
r-release-macos-x86_64 1.0.0 33.00 OK
r-release-windows-x86_64 1.0.0 5.00 52.00 57.00 OK
r-oldrel-macos-arm64 1.0.0 32.00 OK
r-oldrel-macos-x86_64 1.0.0 60.00 OK
r-oldrel-windows-x86_64 1.0.0 4.00 48.00 52.00 OK

Check Details

Version: 1.0.0
Check: package dependencies
Result: ERROR Packages required but not available: 'haven', 'janitor', 'rvest', 'dplyr', 'purrr', 'stringr', 'sjPlot', 'gt', 'lubridate' See section ‘The DESCRIPTION file’ in the ‘Writing R Extensions’ manual. Flavor: r-devel-linux-x86_64-debian-gcc