Last updated on 2022-06-30 01:49:15 CEST.
Flavor | Version | Tinstall | Tcheck | Ttotal | Status | Flags |
---|---|---|---|---|---|---|
r-devel-linux-x86_64-debian-clang | 1.0.1 | 4.56 | 65.08 | 69.64 | OK | |
r-devel-linux-x86_64-debian-gcc | 1.0.1 | 3.56 | 46.48 | 50.04 | OK | |
r-devel-linux-x86_64-fedora-clang | 1.0.1 | 91.67 | NOTE | |||
r-devel-linux-x86_64-fedora-gcc | 1.0.1 | 90.47 | NOTE | |||
r-devel-windows-x86_64 | 1.0.1 | 42.00 | 99.00 | 141.00 | OK | |
r-patched-linux-x86_64 | 1.0.1 | 5.56 | 61.26 | 66.82 | OK | |
r-release-linux-x86_64 | 1.0.1 | 4.38 | 62.23 | 66.61 | OK | |
r-release-macos-arm64 | 1.0.1 | 24.00 | NOTE | |||
r-release-macos-x86_64 | 1.0.1 | 39.00 | NOTE | |||
r-release-windows-x86_64 | 1.0.1 | 35.00 | 95.00 | 130.00 | OK | |
r-oldrel-macos-arm64 | 1.0.1 | 27.00 | NOTE | |||
r-oldrel-macos-x86_64 | 1.0.1 | 35.00 | NOTE | |||
r-oldrel-windows-ix86+x86_64 | 1.0.1 | 11.00 | 88.00 | 99.00 | OK |
Version: 1.0.1
Check: dependencies in R code
Result: NOTE
Namespaces in Imports field not imported from:
‘DT’ ‘hrbrthemes’ ‘magrittr’ ‘orthopolynom’ ‘plotly’ ‘shinyalert’
‘shinydashboard’ ‘shinyjs’
All declared Imports should be used.
Flavors: r-devel-linux-x86_64-fedora-clang, r-devel-linux-x86_64-fedora-gcc, r-release-macos-arm64, r-release-macos-x86_64, r-oldrel-macos-arm64, r-oldrel-macos-x86_64