CRAN Package Check Results for Package optimus

Last updated on 2022-09-29 01:50:51 CEST.

Flavor Version Tinstall Tcheck Ttotal Status Flags
r-devel-linux-x86_64-debian-clang 0.2.0 3.31 223.89 227.20 OK
r-devel-linux-x86_64-debian-gcc 0.2.0 2.43 152.19 154.62 OK
r-devel-linux-x86_64-fedora-clang 0.2.0 274.79 NOTE
r-devel-linux-x86_64-fedora-gcc 0.2.0 266.14 NOTE
r-devel-windows-x86_64 0.2.0 7.00 232.00 239.00 OK
r-patched-linux-x86_64 0.2.0 2.56 213.18 215.74 OK
r-release-linux-x86_64 0.2.0 2.90 206.80 209.70 OK
r-release-macos-arm64 0.2.0 75.00 NOTE
r-release-macos-x86_64 0.2.0 88.00 NOTE
r-release-windows-x86_64 0.2.0 10.00 241.00 251.00 OK
r-oldrel-macos-arm64 0.2.0 78.00 NOTE
r-oldrel-macos-x86_64 0.2.0 131.00 NOTE
r-oldrel-windows-ix86+x86_64 0.2.0 7.00 254.00 261.00 OK

Check Details

Version: 0.2.0
Check: dependencies in R code
Result: NOTE
    Namespace in Imports field not imported from: ‘methods’
     All declared Imports should be used.
Flavors: r-devel-linux-x86_64-fedora-clang, r-devel-linux-x86_64-fedora-gcc, r-release-macos-arm64, r-release-macos-x86_64, r-oldrel-macos-arm64, r-oldrel-macos-x86_64