CRAN Package Check Results for Package optinterv

Last updated on 2022-08-14 01:49:20 CEST.

Flavor Version Tinstall Tcheck Ttotal Status Flags
r-devel-linux-x86_64-debian-clang 0.1.0 3.34 50.82 54.16 NOTE
r-devel-linux-x86_64-debian-gcc 0.1.0 2.96 38.49 41.45 NOTE
r-devel-linux-x86_64-fedora-clang 0.1.0 73.55 NOTE
r-devel-linux-x86_64-fedora-gcc 0.1.0 71.55 NOTE
r-devel-windows-x86_64 0.1.0 25.00 76.00 101.00 NOTE
r-patched-linux-x86_64 0.1.0 3.91 47.43 51.34 NOTE
r-release-linux-x86_64 0.1.0 3.16 47.23 50.39 NOTE
r-release-macos-arm64 0.1.0 27.00 NOTE
r-release-macos-x86_64 0.1.0 40.00 NOTE
r-release-windows-x86_64 0.1.0 39.00 74.00 113.00 NOTE
r-oldrel-macos-arm64 0.1.0 26.00 NOTE
r-oldrel-macos-x86_64 0.1.0 37.00 NOTE
r-oldrel-windows-ix86+x86_64 0.1.0 10.00 67.00 77.00 NOTE

Check Details

Version: 0.1.0
Check: LazyData
Result: NOTE
     'LazyData' is specified without a 'data' directory
Flavors: r-devel-linux-x86_64-debian-clang, r-devel-linux-x86_64-debian-gcc, r-devel-linux-x86_64-fedora-clang, r-devel-linux-x86_64-fedora-gcc, r-devel-windows-x86_64, r-patched-linux-x86_64, r-release-linux-x86_64, r-release-macos-arm64, r-release-macos-x86_64, r-release-windows-x86_64, r-oldrel-macos-arm64, r-oldrel-macos-x86_64, r-oldrel-windows-ix86+x86_64