CRAN Package Check Results for Package optmatch

Last updated on 2024-02-26 08:48:52 CET.

Flavor Version Tinstall Tcheck Ttotal Status Flags
r-devel-linux-x86_64-debian-clang 0.10.7 57.22 253.81 311.03 NOTE
r-devel-linux-x86_64-debian-gcc 0.10.7 44.30 191.39 235.69 NOTE
r-devel-linux-x86_64-fedora-clang 0.10.7 385.34 NOTE
r-devel-linux-x86_64-fedora-gcc 0.10.7 442.25 NOTE
r-devel-windows-x86_64 0.10.7 47.00 206.00 253.00 NOTE
r-patched-linux-x86_64 0.10.7 58.58 244.02 302.60 NOTE
r-release-linux-x86_64 0.10.7 55.49 249.12 304.61 NOTE
r-release-macos-arm64 0.10.7 250.00 NOTE
r-release-macos-x86_64 0.10.7 379.00 NOTE
r-release-windows-x86_64 0.10.7 61.00 271.00 332.00 NOTE
r-oldrel-macos-arm64 0.10.7 101.00 NOTE
r-oldrel-windows-x86_64 0.10.7 59.00 262.00 321.00 NOTE

Check Details

Version: 0.10.7
Check: package dependencies
Result: NOTE Package suggested but not available for checking: ‘rrelaxiv’ Flavors: r-devel-linux-x86_64-debian-clang, r-devel-linux-x86_64-debian-gcc, r-devel-linux-x86_64-fedora-clang, r-devel-linux-x86_64-fedora-gcc, r-devel-windows-x86_64, r-patched-linux-x86_64, r-release-linux-x86_64, r-release-macos-arm64, r-release-macos-x86_64, r-release-windows-x86_64, r-oldrel-macos-arm64, r-oldrel-windows-x86_64