CRAN Package Check Results for Package optparse

Last updated on 2020-07-04 02:12:26 CEST.

Flavor Version Tinstall Tcheck Ttotal Status Flags
r-devel-linux-x86_64-debian-clang 1.6.6 2.48 30.90 33.38 OK
r-devel-linux-x86_64-debian-gcc 1.6.6 1.96 24.78 26.74 OK
r-devel-linux-x86_64-fedora-clang 1.6.6 48.59 OK
r-devel-linux-x86_64-fedora-gcc 1.6.6 39.91 OK
r-devel-windows-ix86+x86_64 1.6.6 10.00 40.00 50.00 OK --no-vignettes
r-patched-linux-x86_64 1.6.6 2.31 31.08 33.39 OK
r-patched-solaris-x86 1.6.6 53.20 OK --no-vignettes
r-release-linux-x86_64 1.6.6 2.36 30.87 33.23 OK
r-release-osx-x86_64 1.6.6 OK
r-release-windows-ix86+x86_64 1.6.6 6.00 37.00 43.00 OK --no-vignettes
r-oldrel-osx-x86_64 1.6.6 WARN
r-oldrel-windows-ix86+x86_64 1.6.6 5.00 52.00 57.00 OK --no-vignettes

Check Details

Version: 1.6.6
Check: re-building of vignette outputs
Result: WARN
    Error(s) in re-building vignettes:
     ...
    --- re-building ‘optparse.Rrst’ using knitr
    sh: +RTS: command not found
    Warning in system(command) : error in running command
    Error: processing vignette 'optparse.Rrst' failed with diagnostics:
    pandoc document conversion failed with error 127
    --- failed re-building ‘optparse.Rrst’
    
    SUMMARY: processing the following file failed:
     ‘optparse.Rrst’
    
    Error: Vignette re-building failed.
    Execution halted
Flavor: r-oldrel-osx-x86_64