CRAN Package Check Results for Package optweight

Last updated on 2021-07-24 01:50:10 CEST.

Flavor Version Tinstall Tcheck Ttotal Status Flags
r-devel-linux-x86_64-debian-clang 0.2.5 13.16 97.94 111.10 NOTE
r-devel-linux-x86_64-debian-gcc 0.2.5 10.87 72.05 82.92 NOTE
r-devel-linux-x86_64-fedora-clang 0.2.5 145.32 NOTE
r-devel-linux-x86_64-fedora-gcc 0.2.5 125.33 NOTE
r-devel-windows-x86_64 0.2.5 15.00 81.00 96.00 NOTE
r-devel-windows-x86_64-gcc10-UCRT 0.2.5 NOTE
r-patched-linux-x86_64 0.2.5 13.81 90.81 104.62 NOTE
r-patched-solaris-x86 0.2.5 180.30 NOTE
r-release-linux-x86_64 0.2.5 13.87 92.11 105.98 NOTE
r-release-macos-arm64 0.2.5 NOTE
r-release-macos-x86_64 0.2.5 NOTE
r-release-windows-ix86+x86_64 0.2.5 27.00 85.00 112.00 NOTE
r-oldrel-macos-x86_64 0.2.5 OK
r-oldrel-windows-ix86+x86_64 0.2.5 28.00 105.00 133.00 OK

Check Details

Version: 0.2.5
Check: LazyData
Result: NOTE
     'LazyData' is specified without a 'data' directory
Flavors: r-devel-linux-x86_64-debian-clang, r-devel-linux-x86_64-debian-gcc, r-devel-linux-x86_64-fedora-clang, r-devel-linux-x86_64-fedora-gcc, r-devel-windows-x86_64, r-devel-windows-x86_64-gcc10-UCRT, r-patched-linux-x86_64, r-patched-solaris-x86, r-release-linux-x86_64, r-release-macos-arm64, r-release-macos-x86_64, r-release-windows-ix86+x86_64