Last updated on 2023-03-25 07:02:27 CET.
Flavor | Version | Tinstall | Tcheck | Ttotal | Status | Flags |
---|---|---|---|---|---|---|
r-devel-linux-x86_64-debian-clang | 0.1-1 | 51.98 | 84.46 | 136.44 | NOTE | |
r-devel-linux-x86_64-debian-gcc | 0.1-1 | 44.92 | 66.54 | 111.46 | NOTE | |
r-devel-linux-x86_64-fedora-clang | 0.1-1 | 222.89 | NOTE | |||
r-devel-linux-x86_64-fedora-gcc | 0.1-1 | 190.57 | NOTE | |||
r-patched-linux-x86_64 | 0.1-1 | 40.43 | 82.67 | 123.10 | NOTE | |
r-release-linux-x86_64 | 0.1-1 | 40.86 | 81.86 | 122.72 | NOTE | |
r-release-macos-arm64 | 0.1-1 | 46.00 | NOTE | |||
r-release-macos-x86_64 | 0.1-1 | 65.00 | NOTE | |||
r-release-windows-x86_64 | 0.1-1 | 50.00 | 135.00 | 185.00 | NOTE | |
r-oldrel-macos-arm64 | 0.1-1 | 54.00 | NOTE | |||
r-oldrel-macos-x86_64 | 0.1-1 | 89.00 | NOTE | |||
r-oldrel-windows-ix86+x86_64 | 0.1-1 | 119.00 | 151.00 | 270.00 | NOTE |
Version: 0.1-1
Check: LazyData
Result: NOTE
'LazyData' is specified without a 'data' directory
Flavors: r-devel-linux-x86_64-debian-clang, r-devel-linux-x86_64-debian-gcc, r-devel-linux-x86_64-fedora-clang, r-devel-linux-x86_64-fedora-gcc, r-patched-linux-x86_64, r-release-linux-x86_64, r-release-macos-arm64, r-release-macos-x86_64, r-release-windows-x86_64, r-oldrel-macos-arm64, r-oldrel-macos-x86_64, r-oldrel-windows-ix86+x86_64