CRAN Package Check Results for Package ordcrm

Last updated on 2021-12-06 00:48:36 CET.

Flavor Version Tinstall Tcheck Ttotal Status Flags
r-devel-linux-x86_64-debian-clang 1.0.0 9.91 67.52 77.43 NOTE
r-devel-linux-x86_64-debian-gcc 1.0.0 7.86 50.86 58.72 NOTE
r-devel-linux-x86_64-fedora-clang 1.0.0 92.95 NOTE
r-devel-linux-x86_64-fedora-gcc 1.0.0 82.83 NOTE
r-devel-windows-x86_64-new-UL 1.0.0 17.00 88.00 105.00 NOTE
r-devel-windows-x86_64-new-TK 1.0.0 NOTE
r-devel-windows-x86_64-old 1.0.0 22.00 57.00 79.00 NOTE
r-patched-linux-x86_64 1.0.0 8.59 55.58 64.17 NOTE
r-release-linux-x86_64 1.0.0 8.11 64.02 72.13 NOTE
r-release-macos-arm64 1.0.0 NOTE
r-release-macos-x86_64 1.0.0 NOTE
r-release-windows-ix86+x86_64 1.0.0 18.00 78.00 96.00 NOTE
r-oldrel-macos-x86_64 1.0.0 OK
r-oldrel-windows-ix86+x86_64 1.0.0 18.00 80.00 98.00 OK

Check Details

Version: 1.0.0
Check: LazyData
Result: NOTE
     'LazyData' is specified without a 'data' directory
Flavors: r-devel-linux-x86_64-debian-clang, r-devel-linux-x86_64-debian-gcc, r-devel-linux-x86_64-fedora-clang, r-devel-linux-x86_64-fedora-gcc, r-devel-windows-x86_64-new-UL, r-devel-windows-x86_64-new-TK, r-devel-windows-x86_64-old, r-patched-linux-x86_64, r-release-linux-x86_64, r-release-macos-arm64, r-release-macos-x86_64, r-release-windows-ix86+x86_64