Last updated on 2023-06-07 08:01:56 CEST.
Flavor | Version | Tinstall | Tcheck | Ttotal | Status | Flags |
---|---|---|---|---|---|---|
r-devel-linux-x86_64-debian-clang | 1.3.5 | 189.46 | 63.79 | 253.25 | NOTE | |
r-devel-linux-x86_64-debian-gcc | 1.3.5 | 154.52 | 49.97 | 204.49 | WARN | |
r-devel-linux-x86_64-fedora-clang | 1.3.5 | 383.12 | NOTE | |||
r-devel-linux-x86_64-fedora-gcc | 1.3.5 | 404.74 | NOTE | |||
r-devel-windows-x86_64 | 1.3.5 | 145.00 | 103.00 | 248.00 | NOTE | |
r-patched-linux-x86_64 | 1.3.5 | 166.42 | 64.75 | 231.17 | NOTE | |
r-release-linux-x86_64 | 1.3.5 | 156.95 | 63.65 | 220.60 | NOTE | |
r-release-macos-arm64 | 1.3.5 | 98.00 | NOTE | |||
r-release-macos-x86_64 | 1.3.5 | 174.00 | NOTE | |||
r-release-windows-x86_64 | 1.3.5 | 187.00 | 115.00 | 302.00 | NOTE | |
r-oldrel-macos-arm64 | 1.3.5 | 92.00 | NOTE | |||
r-oldrel-macos-x86_64 | 1.3.5 | 118.00 | NOTE | |||
r-oldrel-windows-x86_64 | 1.3.5 | 180.00 | 114.00 | 294.00 | OK |
Version: 1.3.5
Check: C++ specification
Result: NOTE
Specified C++11: please drop specification unless essential
Flavors: r-devel-linux-x86_64-debian-clang, r-devel-linux-x86_64-debian-gcc, r-devel-linux-x86_64-fedora-clang, r-devel-linux-x86_64-fedora-gcc, r-devel-windows-x86_64, r-patched-linux-x86_64, r-release-linux-x86_64, r-release-macos-arm64, r-release-macos-x86_64, r-release-windows-x86_64
Version: 1.3.5
Check: whether package can be installed
Result: WARN
Found the following significant warnings:
/usr/include/x86_64-linux-gnu/bits/string_fortified.h:59:33: warning: ‘void* __builtin_memset(void*, int, long unsigned int)’ forming offset [176, 183] is out of the bounds [0, 176] of object ‘b’ with type ‘arma::vec’ {aka ‘arma::Col<double>’} [-Warray-bounds]
See ‘/home/hornik/tmp/R.check/r-devel-gcc/Work/PKGS/ordinalClust.Rcheck/00install.out’ for details.
* used C++ compiler: ‘g++-12 (Debian 12.2.0-14) 12.2.0’
Flavor: r-devel-linux-x86_64-debian-gcc
Version: 1.3.5
Check: installed package size
Result: NOTE
installed size is 8.6Mb
sub-directories of 1Mb or more:
libs 8.4Mb
Flavors: r-release-macos-arm64, r-release-macos-x86_64, r-oldrel-macos-arm64, r-oldrel-macos-x86_64