CRAN Package Check Results for Package ordinalForest

Last updated on 2019-12-06 00:50:03 CET.

Flavor Version Tinstall Tcheck Ttotal Status Flags
r-devel-linux-x86_64-debian-clang 2.3-1 59.22 38.88 98.10 OK
r-devel-linux-x86_64-debian-gcc 2.3-1 45.71 30.74 76.45 OK
r-devel-linux-x86_64-fedora-clang 2.3-1 150.04 NOTE
r-devel-linux-x86_64-fedora-gcc 2.3-1 129.89 NOTE
r-devel-windows-ix86+x86_64 2.3-1 125.00 99.00 224.00 OK
r-devel-windows-ix86+x86_64-gcc8 2.3-1 115.00 103.00 218.00 OK
r-patched-linux-x86_64 2.3-1 51.93 36.83 88.76 OK
r-patched-solaris-x86 2.3-1 277.90 NOTE
r-release-linux-x86_64 2.3-1 52.60 36.34 88.94 OK
r-release-windows-ix86+x86_64 2.3-1 128.00 77.00 205.00 OK
r-release-osx-x86_64 2.3-1 NOTE
r-oldrel-windows-ix86+x86_64 2.3-1 140.00 73.00 213.00 OK
r-oldrel-osx-x86_64 2.3-1 NOTE

Check Details

Version: 2.3-1
Check: installed package size
Result: NOTE
     installed size is 5.7Mb
     sub-directories of 1Mb or more:
     libs 5.5Mb
Flavor: r-devel-linux-x86_64-fedora-clang

Version: 2.3-1
Check: dependencies in R code
Result: NOTE
    Namespace in Imports field not imported from: ‘ggplot2’
     All declared Imports should be used.
Flavors: r-devel-linux-x86_64-fedora-clang, r-devel-linux-x86_64-fedora-gcc, r-patched-solaris-x86, r-release-osx-x86_64, r-oldrel-osx-x86_64