CRAN Package Check Results for Package ordinalForest

Last updated on 2020-07-09 01:57:46 CEST.

Flavor Version Tinstall Tcheck Ttotal Status Flags
r-devel-linux-x86_64-debian-clang 2.3-1 64.81 39.94 104.75 OK
r-devel-linux-x86_64-debian-gcc 2.3-1 49.57 31.12 80.69 OK
r-devel-linux-x86_64-fedora-clang 2.3-1 167.28 NOTE
r-devel-linux-x86_64-fedora-gcc 2.3-1 133.40 NOTE
r-devel-windows-ix86+x86_64 2.3-1 123.00 83.00 206.00 OK
r-patched-linux-x86_64 2.3-1 52.84 40.10 92.94 OK
r-patched-solaris-x86 2.3-1 279.50 NOTE
r-release-linux-x86_64 2.3-1 55.03 40.38 95.41 OK
r-release-osx-x86_64 2.3-1 NOTE
r-release-windows-ix86+x86_64 2.3-1 123.00 78.00 201.00 OK
r-oldrel-osx-x86_64 2.3-1 NOTE
r-oldrel-windows-ix86+x86_64 2.3-1 184.00 104.00 288.00 OK

Check Details

Version: 2.3-1
Check: installed package size
Result: NOTE
     installed size is 6.4Mb
     sub-directories of 1Mb or more:
     libs 6.2Mb
Flavor: r-devel-linux-x86_64-fedora-clang

Version: 2.3-1
Check: dependencies in R code
Result: NOTE
    Namespace in Imports field not imported from: ‘ggplot2’
     All declared Imports should be used.
Flavors: r-devel-linux-x86_64-fedora-clang, r-devel-linux-x86_64-fedora-gcc, r-patched-solaris-x86, r-release-osx-x86_64, r-oldrel-osx-x86_64