Last updated on 2023-09-27 08:02:40 CEST.
Flavor | Version | Tinstall | Tcheck | Ttotal | Status | Flags |
---|---|---|---|---|---|---|
r-devel-linux-x86_64-debian-clang | 2.4-3 | 88.62 | 35.31 | 123.93 | OK | |
r-devel-linux-x86_64-debian-gcc | 2.4-3 | 74.15 | 27.48 | 101.63 | OK | |
r-devel-linux-x86_64-fedora-clang | 2.4-3 | 218.23 | OK | |||
r-devel-linux-x86_64-fedora-gcc | 2.4-3 | 201.40 | OK | |||
r-devel-windows-x86_64 | 2.4-3 | 77.00 | 73.00 | 150.00 | OK | |
r-patched-linux-x86_64 | 2.4-3 | 99.89 | 34.83 | 134.72 | OK | |
r-release-linux-x86_64 | 2.4-3 | 87.39 | 35.24 | 122.63 | OK | |
r-release-macos-arm64 | 2.4-3 | 50.00 | NOTE | |||
r-release-macos-x86_64 | 2.4-3 | 84.00 | NOTE | |||
r-release-windows-x86_64 | 2.4-3 | 98.00 | 79.00 | 177.00 | OK | |
r-oldrel-macos-arm64 | 2.4-3 | 46.00 | NOTE | |||
r-oldrel-macos-x86_64 | 2.4-3 | 66.00 | NOTE | |||
r-oldrel-windows-x86_64 | 2.4-3 | 86.00 | 75.00 | 161.00 | OK |
Version: 2.4-3
Check: installed package size
Result: NOTE
installed size is 6.1Mb
sub-directories of 1Mb or more:
libs 5.9Mb
Flavors: r-release-macos-arm64, r-release-macos-x86_64, r-oldrel-macos-arm64, r-oldrel-macos-x86_64