CRAN Package Check Results for Package ore

Last updated on 2021-11-30 00:51:36 CET.

Flavor Version Tinstall Tcheck Ttotal Status Flags
r-devel-linux-x86_64-debian-clang 1.7.1.1 22.88 26.20 49.08 OK
r-devel-linux-x86_64-debian-gcc 1.7.1.1 14.37 20.30 34.67 OK
r-devel-linux-x86_64-fedora-clang 1.7.1.1 72.07 OK
r-devel-linux-x86_64-fedora-gcc 1.7.1.1 61.04 OK
r-devel-windows-x86_64-new-UL 1.7.1.1 68.00 65.00 133.00 OK
r-devel-windows-x86_64-new-TK 1.7.1.1 NOTE
r-devel-windows-x86_64-old 1.7.1.1 43.00 35.00 78.00 OK
r-patched-linux-x86_64 1.7.1.1 19.07 25.07 44.14 OK
r-patched-solaris-x86 1.7.1.1 79.70 OK
r-release-linux-x86_64 1.7.1.1 18.21 25.15 43.36 OK
r-release-macos-arm64 1.7.1.1 OK
r-release-macos-x86_64 1.7.1.1 OK
r-release-windows-ix86+x86_64 1.7.1.1 86.00 42.00 128.00 OK
r-oldrel-macos-x86_64 1.7.1.1 OK
r-oldrel-windows-ix86+x86_64 1.7.1.1 70.00 40.00 110.00 OK

Check Details

Version: 1.7.1.1
Check: line endings in C/C++/Fortran sources/headers
Result: NOTE
    Found the following sources/headers with CR or CRLF line endings:
     src/onig/config.h
    Some Unix compilers require LF line endings.
Flavor: r-devel-windows-x86_64-new-TK