CRAN Package Check Results for Package org

Last updated on 2020-02-27 00:52:35 CET.

Flavor Version Tinstall Tcheck Ttotal Status Flags
r-devel-linux-x86_64-debian-clang 2019.4.2 1.75 22.38 24.13 NOTE
r-devel-linux-x86_64-debian-gcc 2019.4.2 NOTE
r-devel-linux-x86_64-fedora-clang 2019.4.2 30.90 OK
r-devel-linux-x86_64-fedora-gcc 2019.4.2 30.14 OK
r-devel-windows-ix86+x86_64 2019.4.2 5.00 38.00 43.00 NOTE
r-devel-windows-ix86+x86_64-gcc8 2019.4.2 6.00 36.00 42.00 NOTE
r-patched-linux-x86_64 2019.4.2 1.32 20.39 21.71 OK
r-patched-solaris-x86 2019.4.2 43.60 OK
r-release-linux-x86_64 2019.4.2 1.43 20.37 21.80 OK
r-release-windows-ix86+x86_64 2019.4.2 4.00 33.00 37.00 OK
r-release-osx-x86_64 2019.4.2 OK
r-oldrel-windows-ix86+x86_64 2019.4.2 3.00 56.00 59.00 OK
r-oldrel-osx-x86_64 2019.4.2 OK

Check Details

Version: 2019.4.2
Check: package vignettes
Result: NOTE
    Package vignette with placeholder title 'Vignette Title':
     'intro.Rmd'
Flavors: r-devel-linux-x86_64-debian-clang, r-devel-linux-x86_64-debian-gcc, r-devel-windows-ix86+x86_64, r-devel-windows-ix86+x86_64-gcc8