CRAN Package Check Results for Package oro.nifti

Last updated on 2020-10-28 00:48:05 CET.

Flavor Version Tinstall Tcheck Ttotal Status Flags
r-devel-linux-x86_64-debian-clang 0.11.0 18.22 101.53 119.75 OK
r-devel-linux-x86_64-debian-gcc 0.11.0 14.83 77.05 91.88 OK
r-devel-linux-x86_64-fedora-clang 0.11.0 152.30 NOTE
r-devel-linux-x86_64-fedora-gcc 0.11.0 141.20 OK
r-devel-windows-ix86+x86_64 0.11.0 34.00 107.00 141.00 NOTE
r-patched-linux-x86_64 0.11.0 OK
r-patched-solaris-x86 0.11.0 182.30 NOTE
r-release-linux-x86_64 0.11.0 17.91 94.97 112.88 OK
r-release-macos-x86_64 0.11.0 NOTE
r-release-windows-ix86+x86_64 0.11.0 25.00 96.00 121.00 NOTE
r-oldrel-macos-x86_64 0.11.0 NOTE
r-oldrel-windows-ix86+x86_64 0.11.0 41.00 119.00 160.00 NOTE

Check Details

Version: 0.11.0
Check: installed package size
Result: NOTE
     installed size is 6.6Mb
     sub-directories of 1Mb or more:
     R 1.0Mb
     nifti 3.8Mb
Flavors: r-devel-linux-x86_64-fedora-clang, r-devel-windows-ix86+x86_64, r-patched-solaris-x86, r-release-macos-x86_64, r-release-windows-ix86+x86_64, r-oldrel-macos-x86_64, r-oldrel-windows-ix86+x86_64