Last updated on 2022-08-10 02:54:59 CEST.
Flavor | Version | Tinstall | Tcheck | Ttotal | Status | Flags |
---|---|---|---|---|---|---|
r-devel-linux-x86_64-debian-clang | 0.2.8 | 7.41 | 68.70 | 76.11 | NOTE | |
r-devel-linux-x86_64-debian-gcc | 0.2.8 | 5.06 | 51.21 | 56.27 | NOTE | |
r-devel-linux-x86_64-fedora-clang | 0.2.8 | 97.39 | NOTE | |||
r-devel-linux-x86_64-fedora-gcc | 0.2.8 | 96.33 | NOTE | |||
r-devel-windows-x86_64 | 0.2.8 | 30.00 | 96.00 | 126.00 | NOTE | |
r-patched-linux-x86_64 | 0.2.8 | 6.00 | 63.37 | 69.37 | NOTE | |
r-release-linux-x86_64 | 0.2.8 | NOTE | ||||
r-release-macos-arm64 | 0.2.8 | 27.00 | NOTE | |||
r-release-macos-x86_64 | 0.2.8 | 43.00 | NOTE | |||
r-release-windows-x86_64 | 0.2.8 | 34.00 | 96.00 | 130.00 | NOTE | |
r-oldrel-macos-arm64 | 0.2.8 | 32.00 | NOTE | |||
r-oldrel-macos-x86_64 | 0.2.8 | 50.00 | NOTE | |||
r-oldrel-windows-ix86+x86_64 | 0.2.8 | 17.00 | 83.00 | 100.00 | NOTE |
Version: 0.2.8
Check: LazyData
Result: NOTE
'LazyData' is specified without a 'data' directory
Flavors: r-devel-linux-x86_64-debian-clang, r-devel-linux-x86_64-debian-gcc, r-devel-linux-x86_64-fedora-clang, r-devel-linux-x86_64-fedora-gcc, r-devel-windows-x86_64, r-patched-linux-x86_64, r-release-linux-x86_64, r-release-macos-arm64, r-release-macos-x86_64, r-release-windows-x86_64, r-oldrel-macos-arm64, r-oldrel-macos-x86_64, r-oldrel-windows-ix86+x86_64