CRAN Package Check Results for Package oskeyring

Last updated on 2021-05-07 01:48:49 CEST.

Flavor Version Tinstall Tcheck Ttotal Status Flags
r-devel-linux-x86_64-debian-clang 0.1.1 3.01 25.07 28.08 NOTE
r-devel-linux-x86_64-debian-gcc 0.1.1 2.27 19.80 22.07 NOTE
r-devel-linux-x86_64-fedora-clang 0.1.1 44.98 NOTE
r-devel-linux-x86_64-fedora-gcc 0.1.1 34.36 NOTE
r-devel-windows-ix86+x86_64 0.1.1 13.00 47.00 60.00 NOTE
r-devel-windows-x86_64-gcc10-UCRT 0.1.1 NOTE
r-patched-linux-x86_64 0.1.1 2.86 24.65 27.51 NOTE
r-patched-solaris-x86 0.1.1 51.60 OK
r-release-linux-x86_64 0.1.1 2.74 24.35 27.09 OK
r-release-macos-x86_64 0.1.1 OK
r-release-windows-ix86+x86_64 0.1.1 10.00 40.00 50.00 OK
r-oldrel-macos-x86_64 0.1.1 OK
r-oldrel-windows-ix86+x86_64 0.1.1 12.00 44.00 56.00 OK

Check Details

Version: 0.1.1
Check: LazyData
Result: NOTE
     'LazyData' is specified without a 'data' directory
Flavors: r-devel-linux-x86_64-debian-clang, r-devel-linux-x86_64-debian-gcc, r-devel-linux-x86_64-fedora-clang, r-devel-linux-x86_64-fedora-gcc, r-devel-windows-ix86+x86_64, r-devel-windows-x86_64-gcc10-UCRT, r-patched-linux-x86_64