Last updated on 2022-06-25 01:49:06 CEST.
Flavor | Version | Tinstall | Tcheck | Ttotal | Status | Flags |
---|---|---|---|---|---|---|
r-devel-linux-x86_64-debian-clang | 0.3.3 | 18.36 | 249.80 | 268.16 | OK | |
r-devel-linux-x86_64-debian-gcc | 0.3.3 | 14.19 | 180.41 | 194.60 | OK | |
r-devel-linux-x86_64-fedora-clang | 0.3.3 | 318.10 | NOTE | |||
r-devel-linux-x86_64-fedora-gcc | 0.3.3 | 316.95 | OK | |||
r-devel-windows-x86_64 | 0.3.3 | 55.00 | 275.00 | 330.00 | NOTE | |
r-patched-linux-x86_64 | 0.3.3 | 14.57 | 238.08 | 252.65 | OK | |
r-release-linux-x86_64 | 0.3.3 | 11.01 | 234.89 | 245.90 | OK | |
r-release-macos-arm64 | 0.3.3 | 93.00 | NOTE | |||
r-release-macos-x86_64 | 0.3.3 | 145.00 | NOTE | |||
r-release-windows-x86_64 | 0.3.3 | 58.00 | 288.00 | 346.00 | NOTE | |
r-oldrel-macos-arm64 | 0.3.3 | 111.00 | NOTE | |||
r-oldrel-macos-x86_64 | 0.3.3 | 124.00 | NOTE | |||
r-oldrel-windows-ix86+x86_64 | 0.3.3 | 35.00 | 283.00 | 318.00 | NOTE |
Version: 0.3.3
Check: installed package size
Result: NOTE
installed size is 9.3Mb
sub-directories of 1Mb or more:
doc 7.8Mb
Flavors: r-devel-linux-x86_64-fedora-clang, r-devel-windows-x86_64, r-release-macos-arm64, r-release-macos-x86_64, r-release-windows-x86_64, r-oldrel-macos-arm64, r-oldrel-macos-x86_64, r-oldrel-windows-ix86+x86_64