CRAN Package Check Results for Package otpr

Last updated on 2021-05-14 01:48:45 CEST.

Flavor Version Tinstall Tcheck Ttotal Status Flags
r-devel-linux-x86_64-debian-clang 0.5.0 4.53 45.53 50.06 NOTE
r-devel-linux-x86_64-debian-gcc 0.5.0 3.26 35.03 38.29 NOTE
r-devel-linux-x86_64-fedora-clang 0.5.0 70.50 NOTE
r-devel-linux-x86_64-fedora-gcc 0.5.0 58.71 NOTE
r-devel-windows-ix86+x86_64 0.5.0 12.00 49.00 61.00 NOTE
r-devel-windows-x86_64-gcc10-UCRT 0.5.0 NOTE
r-patched-linux-x86_64 0.5.0 4.68 43.26 47.94 NOTE
r-patched-solaris-x86 0.5.0 86.70 NOTE
r-release-linux-x86_64 0.5.0 5.34 42.79 48.13 OK
r-release-macos-x86_64 0.5.0 OK
r-release-windows-ix86+x86_64 0.5.0 9.00 63.00 72.00 OK
r-oldrel-macos-x86_64 0.5.0 OK
r-oldrel-windows-ix86+x86_64 0.5.0 9.00 59.00 68.00 OK

Check Details

Version: 0.5.0
Check: LazyData
Result: NOTE
     'LazyData' is specified without a 'data' directory
Flavors: r-devel-linux-x86_64-debian-clang, r-devel-linux-x86_64-debian-gcc, r-devel-linux-x86_64-fedora-clang, r-devel-linux-x86_64-fedora-gcc, r-devel-windows-ix86+x86_64, r-devel-windows-x86_64-gcc10-UCRT, r-patched-linux-x86_64, r-patched-solaris-x86