Last updated on 2023-01-28 01:50:17 CET.
Flavor | Version | Tinstall | Tcheck | Ttotal | Status | Flags |
---|---|---|---|---|---|---|
r-devel-linux-x86_64-debian-clang | 1.1.3 | 51.98 | 228.43 | 280.41 | OK | |
r-devel-linux-x86_64-debian-gcc | 1.1.3 | 46.50 | 171.92 | 218.42 | NOTE | |
r-devel-linux-x86_64-fedora-clang | 1.1.3 | 406.76 | NOTE | |||
r-devel-linux-x86_64-fedora-gcc | 1.1.3 | 399.94 | NOTE | |||
r-patched-linux-x86_64 | 1.1.3 | 45.77 | 215.81 | 261.58 | OK | |
r-release-linux-x86_64 | 1.1.3 | 43.04 | 206.38 | 249.42 | OK | |
r-release-macos-arm64 | 1.1.3 | 143.00 | OK | |||
r-release-macos-x86_64 | 1.1.3 | 136.00 | OK | |||
r-release-windows-x86_64 | 1.1.3 | 218.00 | 289.00 | 507.00 | OK | |
r-oldrel-macos-arm64 | 1.1.3 | 127.00 | OK | |||
r-oldrel-macos-x86_64 | 1.1.3 | 139.00 | OK | |||
r-oldrel-windows-ix86+x86_64 | 1.1.3 | 130.00 | 304.00 | 434.00 | OK |
Version: 1.1.3
Check: C++ specification
Result: NOTE
Specified C++11: please update to current default of C++17
Flavors: r-devel-linux-x86_64-debian-gcc, r-devel-linux-x86_64-fedora-clang, r-devel-linux-x86_64-fedora-gcc