Last updated on 2023-01-30 01:53:39 CET.
Flavor | Version | Tinstall | Tcheck | Ttotal | Status | Flags |
---|---|---|---|---|---|---|
r-devel-linux-x86_64-debian-clang | 0.2.2 | 3.00 | 38.87 | 41.87 | NOTE | |
r-devel-linux-x86_64-debian-gcc | 0.2.2 | 1.83 | 31.08 | 32.91 | NOTE | |
r-devel-linux-x86_64-fedora-clang | 0.2.2 | 52.79 | NOTE | |||
r-devel-linux-x86_64-fedora-gcc | 0.2.2 | 51.84 | NOTE | |||
r-devel-windows-x86_64 | 0.2.2 | 18.00 | 75.00 | 93.00 | NOTE | |
r-patched-linux-x86_64 | 0.2.2 | 2.93 | 40.31 | 43.24 | NOTE | |
r-release-linux-x86_64 | 0.2.2 | 2.48 | 40.80 | 43.28 | NOTE | |
r-release-macos-arm64 | 0.2.2 | 18.00 | NOTE | |||
r-release-macos-x86_64 | 0.2.2 | 34.00 | NOTE | |||
r-release-windows-x86_64 | 0.2.2 | 18.00 | 73.00 | 91.00 | NOTE | |
r-oldrel-macos-arm64 | 0.2.2 | 20.00 | NOTE | |||
r-oldrel-macos-x86_64 | 0.2.2 | 32.00 | NOTE | |||
r-oldrel-windows-ix86+x86_64 | 0.2.2 | 6.00 | 69.00 | 75.00 | NOTE |
Version: 0.2.2
Check: LazyData
Result: NOTE
'LazyData' is specified without a 'data' directory
Flavors: r-devel-linux-x86_64-debian-clang, r-devel-linux-x86_64-debian-gcc, r-devel-linux-x86_64-fedora-clang, r-devel-linux-x86_64-fedora-gcc, r-devel-windows-x86_64, r-patched-linux-x86_64, r-release-linux-x86_64, r-release-macos-arm64, r-release-macos-x86_64, r-release-windows-x86_64, r-oldrel-macos-arm64, r-oldrel-macos-x86_64, r-oldrel-windows-ix86+x86_64