CRAN Package Check Results for Package outreg

Last updated on 2020-08-14 01:49:12 CEST.

Flavor Version Tinstall Tcheck Ttotal Status Flags
r-devel-linux-x86_64-debian-clang 0.2.2 0.41 2.34 2.75 ERROR
r-devel-linux-x86_64-debian-gcc 0.2.2 2.30 26.66 28.96 OK
r-devel-linux-x86_64-fedora-clang 0.2.2 52.65 OK
r-devel-linux-x86_64-fedora-gcc 0.2.2 43.67 OK
r-devel-windows-ix86+x86_64 0.2.2 17.00 62.00 79.00 OK
r-patched-linux-x86_64 0.2.2 2.65 33.30 35.95 OK
r-patched-solaris-x86 0.2.2 64.60 OK
r-release-linux-x86_64 0.2.2 2.87 33.80 36.67 OK
r-release-macos-x86_64 0.2.2 OK
r-release-windows-ix86+x86_64 0.2.2 12.00 46.00 58.00 OK
r-oldrel-macos-x86_64 0.2.2 OK
r-oldrel-windows-ix86+x86_64 0.2.2 5.00 46.00 51.00 OK

Check Details

Version: 0.2.2
Check: package dependencies
Result: ERROR
    Package required but not available: 'tidyr'
    
    See section 'The DESCRIPTION file' in the 'Writing R Extensions'
    manual.
Flavor: r-devel-linux-x86_64-debian-clang