CRAN Package Check Results for Package outsider.base

Last updated on 2021-09-21 01:50:23 CEST.

Flavor Version Tinstall Tcheck Ttotal Status Flags
r-devel-linux-x86_64-debian-clang 0.1.4 2.86 31.90 34.76 OK
r-devel-linux-x86_64-debian-gcc 0.1.4 2.47 24.89 27.36 OK
r-devel-linux-x86_64-fedora-clang 0.1.4 51.43 OK
r-devel-linux-x86_64-fedora-gcc 0.1.4 63.01 OK
r-devel-windows-x86_64 0.1.4 5.00 39.00 44.00 OK
r-devel-windows-x86_64-gcc10-UCRT 0.1.4 ERROR
r-patched-linux-x86_64 0.1.4 3.26 31.15 34.41 OK
r-patched-solaris-x86 0.1.4 62.80 NOTE
r-release-linux-x86_64 0.1.4 2.35 30.77 33.12 OK
r-release-macos-arm64 0.1.4 OK
r-release-macos-x86_64 0.1.4 OK
r-release-windows-ix86+x86_64 0.1.4 8.00 40.00 48.00 OK
r-oldrel-macos-x86_64 0.1.4 OK
r-oldrel-windows-ix86+x86_64 0.1.4 8.00 39.00 47.00 OK

Check Details

Version: 0.1.4
Check: whether package can be installed
Result: WARN
    Found the following significant warnings:
     WARNING: installation-time patches will not be applied, could not get the patches index
Flavor: r-devel-windows-x86_64-gcc10-UCRT

Version: 0.1.4
Check: PDF version of manual
Result: WARN
    LaTeX errors when creating PDF version.
    This typically indicates Rd problems.
Flavor: r-devel-windows-x86_64-gcc10-UCRT

Version: 0.1.4
Check: PDF version of manual without hyperrefs or index
Result: ERROR
    Re-running with no redirection of stdout/stderr.
Flavor: r-devel-windows-x86_64-gcc10-UCRT

Version: 0.1.4
Check: package dependencies
Result: NOTE
    Package suggested but not available for checking: ‘ssh’
Flavor: r-patched-solaris-x86