CRAN Package Check Results for Package overture

Last updated on 2023-12-05 07:48:40 CET.

Flavor Version Tinstall Tcheck Ttotal Status Flags
r-devel-linux-x86_64-debian-clang 0.4-0 2.50 32.20 34.70 NOTE
r-devel-linux-x86_64-debian-gcc 0.4-0 1.93 24.87 26.80 NOTE
r-devel-linux-x86_64-fedora-clang 0.4-0 43.93 NOTE
r-devel-linux-x86_64-fedora-gcc 0.4-0 54.92 NOTE
r-devel-windows-x86_64 0.4-0 3.00 47.00 50.00 NOTE
r-patched-linux-x86_64 0.4-0 4.65 31.66 36.31 NOTE
r-release-linux-x86_64 0.4-0 2.32 31.93 34.25 NOTE
r-release-macos-arm64 0.4-0 24.00 NOTE
r-release-macos-x86_64 0.4-0 35.00 NOTE
r-release-windows-x86_64 0.4-0 5.00 48.00 53.00 NOTE
r-oldrel-macos-arm64 0.4-0 22.00 NOTE
r-oldrel-macos-x86_64 0.4-0 30.00 NOTE
r-oldrel-windows-x86_64 0.4-0 4.00 52.00 56.00 NOTE

Check Details

Version: 0.4-0
Check: LazyData
Result: NOTE 'LazyData' is specified without a 'data' directory Flavors: r-devel-linux-x86_64-debian-clang, r-devel-linux-x86_64-debian-gcc, r-devel-linux-x86_64-fedora-clang, r-devel-linux-x86_64-fedora-gcc, r-devel-windows-x86_64, r-patched-linux-x86_64, r-release-linux-x86_64, r-release-macos-arm64, r-release-macos-x86_64, r-release-windows-x86_64, r-oldrel-macos-arm64, r-oldrel-macos-x86_64, r-oldrel-windows-x86_64