CRAN Package Check Results for Package packS4

Last updated on 2020-09-26 02:09:22 CEST.

Flavor Version Tinstall Tcheck Ttotal Status Flags
r-devel-linux-x86_64-debian-clang 0.9.3 2.20 24.23 26.43 NOTE
r-devel-linux-x86_64-debian-gcc 0.9.3 1.95 19.33 21.28 NOTE
r-devel-linux-x86_64-fedora-clang 0.9.3 42.27 NOTE
r-devel-linux-x86_64-fedora-gcc 0.9.3 31.83 NOTE
r-devel-windows-ix86+x86_64 0.9.3 6.00 35.00 41.00 NOTE
r-patched-linux-x86_64 0.9.3 2.39 23.72 26.11 NOTE
r-patched-solaris-x86 0.9.3 51.60 NOTE
r-release-linux-x86_64 0.9.3 2.35 23.60 25.95 NOTE
r-release-macos-x86_64 0.9.3 NOTE
r-release-windows-ix86+x86_64 0.9.3 6.00 45.00 51.00 NOTE
r-oldrel-macos-x86_64 0.9.3 NOTE
r-oldrel-windows-ix86+x86_64 0.9.3 5.00 48.00 53.00 NOTE

Check Details

Version: 0.9.3
Check: R code for possible problems
Result: NOTE
    [,ClassW: warning in switch(EXP = i, u1 = {: partial argument match of
     'EXP' to 'EXPR'
    [,ClassW: warning in return([email protected]): partial argument match of 'EXP' to
     'EXPR'
    [,ClassW: warning in }, u2 = {: partial argument match of 'EXP' to
     'EXPR'
    [,ClassW: warning in return([email protected]): partial argument match of 'EXP' to
     'EXPR'
    [,ClassW: warning in }, w1 = {: partial argument match of 'EXP' to
     'EXPR'
    [,ClassW: warning in return([email protected]): partial argument match of 'EXP' to
     'EXPR'
    [,ClassW: warning in }): partial argument match of 'EXP' to 'EXPR'
    [<-,ClassW: warning in switch(EXP = i, u1 = {: partial argument match
     of 'EXP' to 'EXPR'
    [<-,ClassW: warning in [email protected] <- value: partial argument match of 'EXP'
     to 'EXPR'
    [<-,ClassW: warning in }, u2 = {: partial argument match of 'EXP' to
     'EXPR'
    [<-,ClassW: warning in [email protected] <- value: partial argument match of 'EXP'
     to 'EXPR'
    [<-,ClassW: warning in }, w1 = {: partial argument match of 'EXP' to
     'EXPR'
    [<-,ClassW: warning in [email protected] <- value: partial argument match of 'EXP'
     to 'EXPR'
    [<-,ClassW: warning in }): partial argument match of 'EXP' to 'EXPR'
Flavors: r-devel-linux-x86_64-debian-clang, r-devel-linux-x86_64-debian-gcc, r-devel-linux-x86_64-fedora-clang, r-devel-linux-x86_64-fedora-gcc, r-devel-windows-ix86+x86_64, r-patched-linux-x86_64, r-patched-solaris-x86, r-release-linux-x86_64, r-release-macos-x86_64, r-release-windows-ix86+x86_64, r-oldrel-macos-x86_64, r-oldrel-windows-ix86+x86_64

Version: 0.9.3
Check: Rd cross-references
Result: NOTE
    Undeclared package ‘packClassic’ in Rd xrefs
Flavor: r-devel-linux-x86_64-fedora-clang

Version: 0.9.3
Check: Rd cross-references
Result: NOTE
    Package unavailable to check Rd xrefs: ‘packClassic’
Flavor: r-release-macos-x86_64