CRAN Package Check Results for Package packageRank

Last updated on 2021-09-23 01:49:49 CEST.

Flavor Version Tinstall Tcheck Ttotal Status Flags
r-devel-linux-x86_64-debian-clang 0.5.0 12.87 93.62 106.49 OK
r-devel-linux-x86_64-debian-gcc 0.5.0 11.41 68.62 80.03 OK
r-devel-linux-x86_64-fedora-clang 0.5.0 133.10 OK
r-devel-linux-x86_64-fedora-gcc 0.5.0 122.51 OK
r-devel-windows-x86_64 0.5.0 16.00 77.00 93.00 OK
r-devel-windows-x86_64-gcc10-UCRT 0.5.0 ERROR
r-patched-linux-x86_64 0.5.0 12.81 87.74 100.55 OK
r-patched-solaris-x86 0.5.0 158.80 OK
r-release-linux-x86_64 0.5.0 12.19 87.69 99.88 OK
r-release-macos-arm64 0.5.0 OK
r-release-macos-x86_64 0.5.0 OK
r-release-windows-ix86+x86_64 0.5.0 25.00 93.00 118.00 OK
r-oldrel-macos-x86_64 0.5.0 OK
r-oldrel-windows-ix86+x86_64 0.5.0 25.00 88.00 113.00 OK

Check Details

Version: 0.5.0
Check: package dependencies
Result: ERROR
    Package required but not available: 'rversions'
    
    See section 'The DESCRIPTION file' in the 'Writing R Extensions'
    manual.
Flavor: r-devel-windows-x86_64-gcc10-UCRT