CRAN Package Check Results for Package packer

Last updated on 2022-11-27 00:55:49 CET.

Flavor Version Tinstall Tcheck Ttotal Status Flags
r-devel-linux-x86_64-debian-clang 0.1.3 4.91 46.96 51.87 NOTE
r-devel-linux-x86_64-debian-gcc 0.1.3 3.80 35.64 39.44 NOTE
r-devel-linux-x86_64-fedora-clang 0.1.3 75.87 NOTE
r-devel-linux-x86_64-fedora-gcc 0.1.3 71.93 NOTE
r-devel-windows-x86_64 0.1.3 52.00 83.00 135.00 NOTE
r-patched-linux-x86_64 0.1.3 OK
r-release-linux-x86_64 0.1.3 4.56 43.67 48.23 OK
r-release-macos-arm64 0.1.3 24.00 OK
r-release-macos-x86_64 0.1.3 31.00 OK
r-release-windows-x86_64 0.1.3 60.00 76.00 136.00 OK
r-oldrel-macos-arm64 0.1.3 22.00 OK
r-oldrel-macos-x86_64 0.1.3 34.00 OK
r-oldrel-windows-ix86+x86_64 0.1.3 12.00 69.00 81.00 OK

Check Details

Version: 0.1.3
Check: package subdirectories
Result: NOTE
    Problems with news in 'NEWS.md':
     Cannot extract version info from the following section titles:
     Changes
Flavors: r-devel-linux-x86_64-debian-clang, r-devel-linux-x86_64-debian-gcc, r-devel-linux-x86_64-fedora-clang, r-devel-linux-x86_64-fedora-gcc, r-devel-windows-x86_64