CRAN Package Check Results for Package pacman

Last updated on 2021-02-26 00:48:23 CET.

Flavor Version Tinstall Tcheck Ttotal Status Flags
r-devel-linux-x86_64-debian-clang 0.5.1 3.73 35.81 39.54 OK
r-devel-linux-x86_64-debian-gcc 0.5.1 2.71 27.33 30.04 OK
r-devel-linux-x86_64-fedora-clang 0.5.1 58.76 NOTE
r-devel-linux-x86_64-fedora-gcc 0.5.1 48.45 OK
r-devel-windows-ix86+x86_64 0.5.1 7.00 41.00 48.00 OK
r-patched-linux-x86_64 0.5.1 3.76 37.35 41.11 OK
r-patched-solaris-x86 0.5.1 71.30 OK
r-release-linux-x86_64 0.5.1 3.84 36.90 40.74 OK
r-release-macos-x86_64 0.5.1 OK
r-release-windows-ix86+x86_64 0.5.1 6.00 64.00 70.00 OK
r-oldrel-macos-x86_64 0.5.1 OK
r-oldrel-windows-ix86+x86_64 0.5.1 4.00 80.00 84.00 OK

Check Details

Version: 0.5.1
Check: Rd cross-references
Result: NOTE
    Undeclared package ‘devtools’ in Rd xrefs
Flavor: r-devel-linux-x86_64-fedora-clang