CRAN Package Check Results for Package pacotest

Last updated on 2020-07-09 01:57:46 CEST.

Flavor Version Tinstall Tcheck Ttotal Status Flags
r-devel-linux-x86_64-debian-clang 0.3.1 139.91 275.71 415.62 OK
r-devel-linux-x86_64-debian-gcc 0.3.1 105.50 175.09 280.59 OK
r-devel-linux-x86_64-fedora-clang 0.3.1 520.07 NOTE
r-devel-linux-x86_64-fedora-gcc 0.3.1 492.85 OK
r-devel-windows-ix86+x86_64 0.3.1 254.00 648.00 902.00 OK
r-patched-linux-x86_64 0.3.1 106.98 264.01 370.99 OK
r-patched-solaris-x86 0.3.1 593.60 OK
r-release-linux-x86_64 0.3.1 108.49 265.21 373.70 OK
r-release-osx-x86_64 0.3.1 NOTE
r-release-windows-ix86+x86_64 0.3.1 260.00 612.00 872.00 OK
r-oldrel-osx-x86_64 0.3.1 NOTE
r-oldrel-windows-ix86+x86_64 0.3.1 260.00 711.00 971.00 OK

Check Details

Version: 0.3.1
Check: installed package size
Result: NOTE
     installed size is 7.3Mb
     sub-directories of 1Mb or more:
     libs 7.0Mb
Flavors: r-devel-linux-x86_64-fedora-clang, r-release-osx-x86_64, r-oldrel-osx-x86_64