CRAN Package Check Results for Package pagoo

Last updated on 2021-11-30 00:51:36 CET.

Flavor Version Tinstall Tcheck Ttotal Status Flags
r-devel-linux-x86_64-debian-clang 0.3.9 28.60 312.46 341.06 OK
r-devel-linux-x86_64-debian-gcc 0.3.9 26.17 234.34 260.51 OK
r-devel-linux-x86_64-fedora-clang 0.3.9 422.37 OK
r-devel-linux-x86_64-fedora-gcc 0.3.9 419.78 OK
r-devel-windows-x86_64-new-UL 0.3.9 49.00 390.00 439.00 OK
r-devel-windows-x86_64-new-TK 0.3.9 OK
r-devel-windows-x86_64-old 0.3.9 45.00 280.00 325.00 OK
r-patched-linux-x86_64 0.3.9 28.37 336.77 365.14 OK
r-patched-solaris-x86 0.3.9 509.60 NOTE
r-release-linux-x86_64 0.3.9 32.27 336.83 369.10 OK
r-release-macos-arm64 0.3.9 OK
r-release-macos-x86_64 0.3.9 NOTE
r-release-windows-ix86+x86_64 0.3.9 67.00 285.00 352.00 OK
r-oldrel-macos-x86_64 0.3.9 NOTE
r-oldrel-windows-ix86+x86_64 0.3.9 48.00 282.00 330.00 OK

Check Details

Version: 0.3.9
Check: installed package size
Result: NOTE
     installed size is 5.1Mb
     sub-directories of 1Mb or more:
     extdata 4.1Mb
Flavor: r-patched-solaris-x86

Version: 0.3.9
Check: package dependencies
Result: NOTE
    Package suggested but not available for checking: ‘DECIPHER’
Flavors: r-release-macos-x86_64, r-oldrel-macos-x86_64