CRAN Package Check Results for Package pak

Last updated on 2020-04-09 01:53:19 CEST.

Flavor Version Tinstall Tcheck Ttotal Status Flags
r-devel-linux-x86_64-debian-clang 0.1.2 7.76 92.21 99.97 OK
r-devel-linux-x86_64-debian-gcc 0.1.2 5.76 72.67 78.43 OK
r-devel-linux-x86_64-fedora-clang 0.1.2 100.34 NOTE
r-devel-linux-x86_64-fedora-gcc 0.1.2 123.07 OK
r-devel-windows-ix86+x86_64 0.1.2 12.00 89.00 101.00 ERROR
r-devel-windows-ix86+x86_64-gcc8 0.1.2 14.00 86.00 100.00 OK
r-patched-linux-x86_64 0.1.2 7.95 90.12 98.07 OK
r-patched-solaris-x86 0.1.2 140.50 OK
r-release-linux-x86_64 0.1.2 7.79 84.32 92.11 OK
r-release-windows-ix86+x86_64 0.1.2 12.00 125.00 137.00 ERROR
r-release-osx-x86_64 0.1.2 OK
r-oldrel-windows-ix86+x86_64 0.1.2 13.00 107.00 120.00 OK
r-oldrel-osx-x86_64 0.1.2 OK

Check Details

Version: 0.1.2
Check: package dependencies
Result: NOTE
    Imports includes 21 non-default packages.
    Importing from so many packages makes the package vulnerable to any of
    them becoming unavailable. Move as many as possible to Suggests and
    use conditionally.
Flavor: r-devel-linux-x86_64-fedora-clang

Version: 0.1.2
Check: tests
Result: ERROR
     Running 'test-pkgdepends.R' [27s]
     Running 'test-pkginstall.R' [0s]
     Running 'testthat.R' [14s]
    Running the tests in 'tests/test-pkgdepends.R' failed.
    Complete output:
     >
     > do <- function() {
     + old <- Sys.getenv("R_PKG_CACHE_DIR", NA_character_)
     + if (is.na(old)) {
     + on.exit(Sys.unsetenv("R_PKG_CACHE_DIR"), add = TRUE)
     + } else {
     + on.exit(Sys.setenv("R_PKG_CACHE_DIR" = old), add = TRUE)
     + }
     + Sys.setenv("R_PKG_CACHE_DIR" = tempfile())
     +
     + if (file.exists("pkgdepends")) {
     + library(testthat)
     + library(pak)
     + test <- function() {
     + package <- "pak"
     + env_test <- asNamespace("testthat")$env_test
     + env_test$in_test <- TRUE
     + env_test$package <- package
     + on.exit({
     + env_test$in_test <- FALSE
     + env_test$package <- NULL
     + }, add = TRUE)
     + test_path <- "pkgdepends"
     + asNamespace("testthat")$test_package_dir(
     + package = package, test_path = test_path,
     + filter = NULL, reporter = "check")
     + }
     + test()
     + }
     + }
     >
     > do()
     -- 1. Error: dependencies are honoured (@test-resolution.R#291) ---------------
     Wrong entry types: `filesize (double, expected integer)`
     Backtrace:
     1. asNamespace("pkgcache")$synchronise(do("cran::dplyr", FALSE))
    
     == testthat results ===========================================================
     [ OK: 675 | SKIPPED: 32 | WARNINGS: 0 | FAILED: 1 ]
     1. Error: dependencies are honoured (@test-resolution.R#291)
    
     Error: testthat unit tests failed
     Execution halted
Flavor: r-devel-windows-ix86+x86_64

Version: 0.1.2
Check: tests
Result: ERROR
     Running 'test-pkgdepends.R' [35s]
     Running 'test-pkginstall.R' [1s]
     Running 'testthat.R' [22s]
    Running the tests in 'tests/test-pkgdepends.R' failed.
    Complete output:
     >
     > do <- function() {
     + old <- Sys.getenv("R_PKG_CACHE_DIR", NA_character_)
     + if (is.na(old)) {
     + on.exit(Sys.unsetenv("R_PKG_CACHE_DIR"), add = TRUE)
     + } else {
     + on.exit(Sys.setenv("R_PKG_CACHE_DIR" = old), add = TRUE)
     + }
     + Sys.setenv("R_PKG_CACHE_DIR" = tempfile())
     +
     + if (file.exists("pkgdepends")) {
     + library(testthat)
     + library(pak)
     + test <- function() {
     + package <- "pak"
     + env_test <- asNamespace("testthat")$env_test
     + env_test$in_test <- TRUE
     + env_test$package <- package
     + on.exit({
     + env_test$in_test <- FALSE
     + env_test$package <- NULL
     + }, add = TRUE)
     + test_path <- "pkgdepends"
     + asNamespace("testthat")$test_package_dir(
     + package = package, test_path = test_path,
     + filter = NULL, reporter = "check")
     + }
     + test()
     + }
     + }
     >
     > do()
     -- 1. Error: dependencies are honoured (@test-resolution.R#291) ---------------
     Wrong entry types: `filesize (double, expected integer)`
     Backtrace:
     1. asNamespace("pkgcache")$synchronise(do("cran::dplyr", FALSE))
    
     == testthat results ===========================================================
     [ OK: 675 | SKIPPED: 32 | WARNINGS: 0 | FAILED: 1 ]
     1. Error: dependencies are honoured (@test-resolution.R#291)
    
     Error: testthat unit tests failed
     Execution halted
Flavor: r-release-windows-ix86+x86_64