Last updated on 2023-11-29 07:52:19 CET.
Flavor | Version | Tinstall | Tcheck | Ttotal | Status | Flags |
---|---|---|---|---|---|---|
r-devel-linux-x86_64-debian-clang | 0.0.8 | 8.61 | 75.62 | 84.23 | NOTE | |
r-devel-linux-x86_64-debian-gcc | 0.0.8 | 7.11 | 56.83 | 63.94 | NOTE | |
r-devel-linux-x86_64-fedora-clang | 0.0.8 | 105.57 | NOTE | |||
r-devel-linux-x86_64-fedora-gcc | 0.0.8 | 114.47 | NOTE | |||
r-devel-windows-x86_64 | 0.0.8 | 7.00 | 77.00 | 84.00 | NOTE | |
r-patched-linux-x86_64 | 0.0.8 | 8.61 | 73.43 | 82.04 | NOTE | |
r-release-linux-x86_64 | 0.0.8 | 6.99 | 73.00 | 79.99 | NOTE | |
r-release-macos-arm64 | 0.0.8 | 47.00 | NOTE | |||
r-release-macos-x86_64 | 0.0.8 | 63.00 | NOTE | |||
r-release-windows-x86_64 | 0.0.8 | 10.00 | 85.00 | 95.00 | NOTE | |
r-oldrel-macos-arm64 | 0.0.8 | 38.00 | NOTE | |||
r-oldrel-macos-x86_64 | 0.0.8 | 44.00 | NOTE | |||
r-oldrel-windows-x86_64 | 0.0.8 | 9.00 | 83.00 | 92.00 | NOTE |
Version: 0.0.8
Check: package dependencies
Result: NOTE
Package which this enhances but not available for checking: ‘CorShrink’
Flavors: r-devel-linux-x86_64-debian-clang, r-devel-linux-x86_64-debian-gcc, r-devel-linux-x86_64-fedora-clang, r-devel-linux-x86_64-fedora-gcc, r-devel-windows-x86_64, r-patched-linux-x86_64, r-release-linux-x86_64, r-release-macos-arm64, r-release-windows-x86_64, r-oldrel-macos-arm64, r-oldrel-macos-x86_64, r-oldrel-windows-x86_64
Version: 0.0.8
Check: Rd \usage sections
Result: NOTE
Documented arguments not in \usage in Rd file 'other.Rd':
‘trial’
Functions with \usage entries need to have the appropriate \alias
entries, and all their arguments documented.
The \usage entries must correspond to syntactically valid R code.
See chapter ‘Writing R documentation files’ in the ‘Writing R
Extensions’ manual.
Flavors: r-devel-linux-x86_64-debian-clang, r-devel-linux-x86_64-debian-gcc, r-devel-linux-x86_64-fedora-clang, r-devel-linux-x86_64-fedora-gcc, r-devel-windows-x86_64
Version: 0.0.8
Check: package dependencies
Result: NOTE
Packages which this enhances but not available for checking:
'CorShrink', 'edgeR'
Flavor: r-release-macos-x86_64