CRAN Package Check Results for Package palm

Last updated on 2025-01-19 08:49:13 CET.

Flavor Version Tinstall Tcheck Ttotal Status Flags
r-devel-linux-x86_64-debian-clang 1.1.5 20.57 53.50 74.07 NOTE
r-devel-linux-x86_64-debian-gcc 1.1.5 14.03 38.26 52.29 NOTE
r-devel-linux-x86_64-fedora-clang 1.1.5 130.34 OK
r-devel-linux-x86_64-fedora-gcc 1.1.5 132.24 OK
r-devel-windows-x86_64 1.1.5 25.00 96.00 121.00 NOTE
r-patched-linux-x86_64 1.1.5 22.36 56.99 79.35 OK
r-release-linux-x86_64 1.1.5 20.48 57.97 78.45 OK
r-release-macos-arm64 1.1.5 34.00 OK
r-release-macos-x86_64 1.1.5 45.00 OK
r-release-windows-x86_64 1.1.5 25.00 99.00 124.00 OK
r-oldrel-macos-arm64 1.1.5 37.00 OK
r-oldrel-macos-x86_64 1.1.5 90.00 OK
r-oldrel-windows-x86_64 1.1.5 30.00 114.00 144.00 OK

Check Details

Version: 1.1.5
Check: Rd cross-references
Result: NOTE Found the following Rd file(s) with Rd \link{} targets missing package anchors: confint.palm.Rd: boot fit.ns.Rd: bobyqa fit.void.Rd: bobyqa Please provide package anchors for all Rd \link{} targets not in the package itself and the base packages. Flavors: r-devel-linux-x86_64-debian-clang, r-devel-linux-x86_64-debian-gcc, r-devel-windows-x86_64