CRAN Package Check Results for Package palmid

Last updated on 2023-06-03 08:05:51 CEST.

Flavor Version Tinstall Tcheck Ttotal Status Flags
r-devel-linux-x86_64-debian-clang 0.0.3 9.57 81.49 91.06 OK
r-devel-linux-x86_64-debian-gcc 0.0.3 6.52 60.86 67.38 OK
r-devel-linux-x86_64-fedora-clang 0.0.3 112.96 NOTE
r-devel-linux-x86_64-fedora-gcc 0.0.3 103.74 NOTE
r-devel-windows-x86_64 0.0.3 10.00 93.00 103.00 OK
r-patched-linux-x86_64 0.0.3 OK
r-release-linux-x86_64 0.0.3 6.02 76.39 82.41 OK
r-release-macos-arm64 0.0.3 45.00 OK
r-release-macos-x86_64 0.0.3 67.00 OK
r-release-windows-x86_64 0.0.3 14.00 101.00 115.00 OK
r-oldrel-macos-arm64 0.0.3 46.00 NOTE
r-oldrel-macos-x86_64 0.0.3 72.00 NOTE
r-oldrel-windows-x86_64 0.0.3 12.00 105.00 117.00 OK

Check Details

Version: 0.0.3
Check: dependencies in R code
Result: NOTE
    Namespaces in Imports field not imported from:
     ‘DT’ ‘dbplyr’ ‘downloadthis’ ‘ggExtra’ ‘htmlwidgets’ ‘methods’
     ‘rmarkdown’ ‘scales’
     All declared Imports should be used.
Flavors: r-devel-linux-x86_64-fedora-clang, r-devel-linux-x86_64-fedora-gcc, r-oldrel-macos-arm64, r-oldrel-macos-x86_64