Last updated on 2021-02-26 00:48:24 CET.
Flavor | Version | Tinstall | Tcheck | Ttotal | Status | Flags |
---|---|---|---|---|---|---|
r-devel-linux-x86_64-debian-clang | 1.6 | 4.41 | 73.41 | 77.82 | OK | |
r-devel-linux-x86_64-debian-gcc | 1.6 | 3.43 | 57.06 | 60.49 | OK | |
r-devel-linux-x86_64-fedora-clang | 1.6 | 104.33 | OK | |||
r-devel-linux-x86_64-fedora-gcc | 1.6 | 98.68 | OK | |||
r-devel-windows-ix86+x86_64 | 1.6 | 8.00 | 81.00 | 89.00 | OK | |
r-patched-linux-x86_64 | 1.6 | 4.31 | 71.30 | 75.61 | OK | |
r-patched-solaris-x86 | 1.6 | 163.30 | OK | |||
r-release-linux-x86_64 | 1.6 | 4.21 | 71.15 | 75.36 | OK | |
r-release-macos-x86_64 | 1.6 | OK | ||||
r-release-windows-ix86+x86_64 | 1.6 | 18.00 | 100.00 | 118.00 | OK | |
r-oldrel-macos-x86_64 | 1.6 | NOTE | ||||
r-oldrel-windows-ix86+x86_64 | 1.6 | 6.00 | 113.00 | 119.00 | OK |
Version: 1.6
Check: dependencies in R code
Result: NOTE
No protocol specified
Flavor: r-oldrel-macos-x86_64