Last updated on 2023-10-02 07:56:34 CEST.
Flavor | Version | Tinstall | Tcheck | Ttotal | Status | Flags |
---|---|---|---|---|---|---|
r-devel-linux-x86_64-debian-gcc | 0.1.2 | 10.00 | 168.13 | 178.13 | OK | |
r-devel-linux-x86_64-fedora-clang | 0.1.2 | 163.45 | OK | |||
r-devel-linux-x86_64-fedora-gcc | 0.1.2 | 162.62 | OK | |||
r-devel-windows-x86_64 | 0.1.2 | 16.00 | 178.00 | 194.00 | OK | |
r-patched-linux-x86_64 | 0.1.1 | 0.23 | 2.82 | 3.05 | ERROR | |
r-release-linux-x86_64 | 0.1.2 | 8.26 | 215.33 | 223.59 | OK | |
r-release-macos-arm64 | 0.1.2 | 81.00 | OK | |||
r-release-macos-x86_64 | 0.1.2 | 389.00 | OK | |||
r-release-windows-x86_64 | 0.1.2 | 21.00 | 226.00 | 247.00 | OK | |
r-oldrel-macos-arm64 | 0.1.2 | 62.00 | OK | |||
r-oldrel-macos-x86_64 | 0.1.1 | 94.00 | OK | |||
r-oldrel-windows-x86_64 | 0.1.2 | 18.00 | 225.00 | 243.00 | OK |
Version: 0.1.1
Check: whether package can be installed
Result: ERROR
Installation failed.
Flavor: r-patched-linux-x86_64