CRAN Package Check Results for Package parameters

Last updated on 2021-08-02 01:50:02 CEST.

Flavor Version Tinstall Tcheck Ttotal Status Flags
r-devel-linux-x86_64-debian-clang 0.14.0 30.49 359.44 389.93 OK
r-devel-linux-x86_64-debian-gcc 0.14.0 21.86 253.67 275.53 OK
r-devel-linux-x86_64-fedora-clang 0.14.0 446.67 OK
r-devel-linux-x86_64-fedora-gcc 0.14.0 430.64 OK
r-devel-windows-x86_64 0.14.0 30.00 438.00 468.00 OK
r-devel-windows-x86_64-gcc10-UCRT 0.14.0 OK
r-patched-linux-x86_64 0.14.0 OK
r-patched-solaris-x86 0.14.0 501.50 NOTE
r-release-linux-x86_64 0.14.0 22.26 334.48 356.74 OK
r-release-macos-arm64 0.14.0 NOTE
r-release-macos-x86_64 0.14.0 NOTE
r-release-windows-ix86+x86_64 0.14.0 43.00 436.00 479.00 OK
r-oldrel-macos-x86_64 0.14.0 NOTE
r-oldrel-windows-ix86+x86_64 0.14.0 35.00 422.00 457.00 OK

Check Details

Version: 0.14.0
Check: package dependencies
Result: NOTE
    Packages suggested but not available for checking: 'glmmTMB', 'M3C'
Flavor: r-patched-solaris-x86

Version: 0.14.0
Check: package dependencies
Result: NOTE
    Package suggested but not available for checking: ‘M3C’
Flavors: r-release-macos-arm64, r-release-macos-x86_64, r-oldrel-macos-x86_64