CRAN Package Check Results for Package paramhetero

Last updated on 2021-03-05 00:48:44 CET.

Flavor Version Tinstall Tcheck Ttotal Status Flags
r-devel-linux-x86_64-debian-clang 0.2.0 9.75 74.38 84.13 OK
r-devel-linux-x86_64-debian-gcc 0.2.0 7.48 56.93 64.41 OK
r-devel-linux-x86_64-fedora-clang 0.2.0 111.43 NOTE
r-devel-linux-x86_64-fedora-gcc 0.2.0 99.28 NOTE
r-devel-windows-ix86+x86_64 0.2.0 21.00 83.00 104.00 OK
r-patched-linux-x86_64 0.2.0 OK
r-patched-solaris-x86 0.2.0 147.50 NOTE
r-release-linux-x86_64 0.2.0 6.02 69.27 75.29 OK
r-release-macos-x86_64 0.2.0 NOTE
r-release-windows-ix86+x86_64 0.2.0 15.00 83.00 98.00 OK
r-oldrel-macos-x86_64 0.2.0 NOTE
r-oldrel-windows-ix86+x86_64 0.2.0 18.00 83.00 101.00 OK

Check Details

Version: 0.2.0
Check: dependencies in R code
Result: NOTE
    Namespace in Imports field not imported from: ‘survey’
     All declared Imports should be used.
Flavors: r-devel-linux-x86_64-fedora-clang, r-devel-linux-x86_64-fedora-gcc, r-patched-solaris-x86, r-release-macos-x86_64, r-oldrel-macos-x86_64