CRAN Package Check Results for Package parlitools

Last updated on 2020-11-25 00:47:35 CET.

Flavor Version Tinstall Tcheck Ttotal Status Flags
r-devel-linux-x86_64-debian-clang 0.4.1 8.37 77.75 86.12 OK
r-devel-linux-x86_64-debian-gcc 0.4.1 7.41 59.49 66.90 OK
r-devel-linux-x86_64-fedora-clang 0.4.1 112.05 NOTE
r-devel-linux-x86_64-fedora-gcc 0.4.1 103.42 NOTE
r-devel-windows-ix86+x86_64 0.4.1 19.00 102.00 121.00 OK
r-patched-linux-x86_64 0.4.1 8.65 73.49 82.14 OK
r-patched-solaris-x86 0.4.1 135.40 NOTE --no-vignettes
r-release-linux-x86_64 0.4.1 8.87 75.85 84.72 OK
r-release-macos-x86_64 0.4.1 NOTE
r-release-windows-ix86+x86_64 0.4.1 23.00 96.00 119.00 OK
r-oldrel-macos-x86_64 0.4.1 NOTE
r-oldrel-windows-ix86+x86_64 0.4.1 13.00 90.00 103.00 OK

Check Details

Version: 0.4.1
Check: data for non-ASCII characters
Result: NOTE
     Note: found 16 marked UTF-8 strings
Flavors: r-devel-linux-x86_64-fedora-clang, r-devel-linux-x86_64-fedora-gcc, r-release-macos-x86_64, r-oldrel-macos-x86_64

Version: 0.4.1
Flags: --no-vignettes
Check: data for non-ASCII characters
Result: NOTE
     Note: found 16 marked UTF-8 strings
Flavor: r-patched-solaris-x86