CRAN Package Check Results for Package parlitools

Last updated on 2020-09-24 02:56:57 CEST.

Flavor Version Tinstall Tcheck Ttotal Status Flags
r-devel-linux-x86_64-debian-clang 0.4.1 8.24 77.18 85.42 OK
r-devel-linux-x86_64-debian-gcc 0.4.1 7.76 58.34 66.10 OK
r-devel-linux-x86_64-fedora-clang 0.4.1 112.14 NOTE
r-devel-linux-x86_64-fedora-gcc 0.4.1 103.62 NOTE
r-devel-windows-ix86+x86_64 0.4.1 19.00 98.00 117.00 OK
r-patched-linux-x86_64 0.4.1 8.14 72.70 80.84 OK
r-patched-solaris-x86 0.4.1 135.70 NOTE --no-vignettes
r-release-linux-x86_64 0.4.1 9.52 73.45 82.97 OK
r-release-macos-x86_64 0.4.1 NOTE
r-release-windows-ix86+x86_64 0.4.1 37.00 106.00 143.00 OK
r-oldrel-macos-x86_64 0.4.1 NOTE
r-oldrel-windows-ix86+x86_64 0.4.1 13.00 70.00 83.00 OK

Check Details

Version: 0.4.1
Check: data for non-ASCII characters
Result: NOTE
     Note: found 16 marked UTF-8 strings
Flavors: r-devel-linux-x86_64-fedora-clang, r-devel-linux-x86_64-fedora-gcc, r-release-macos-x86_64, r-oldrel-macos-x86_64

Version: 0.4.1
Flags: --no-vignettes
Check: data for non-ASCII characters
Result: NOTE
     Note: found 16 marked UTF-8 strings
Flavor: r-patched-solaris-x86