CRAN Package Check Results for Package parlitools

Last updated on 2020-02-18 01:52:01 CET.

Flavor Version Tinstall Tcheck Ttotal Status Flags
r-devel-linux-x86_64-debian-clang 0.4.1 9.42 74.30 83.72 OK
r-devel-linux-x86_64-debian-gcc 0.4.1 7.11 56.93 64.04 OK
r-devel-linux-x86_64-fedora-clang 0.4.1 100.91 NOTE
r-devel-linux-x86_64-fedora-gcc 0.4.1 97.97 NOTE
r-devel-windows-ix86+x86_64 0.4.1 16.00 80.00 96.00 OK
r-devel-windows-ix86+x86_64-gcc8 0.4.1 28.00 122.00 150.00 OK
r-patched-linux-x86_64 0.4.1 7.59 64.13 71.72 OK
r-patched-solaris-x86 0.4.1 169.00 NOTE --no-vignettes
r-release-linux-x86_64 0.4.1 7.04 63.99 71.03 OK
r-release-windows-ix86+x86_64 0.4.1 15.00 75.00 90.00 OK
r-release-osx-x86_64 0.4.1 NOTE
r-oldrel-windows-ix86+x86_64 0.4.1 10.00 69.00 79.00 OK
r-oldrel-osx-x86_64 0.4.1 NOTE

Check Details

Version: 0.4.1
Check: data for non-ASCII characters
Result: NOTE
     Note: found 16 marked UTF-8 strings
Flavors: r-devel-linux-x86_64-fedora-clang, r-devel-linux-x86_64-fedora-gcc, r-release-osx-x86_64, r-oldrel-osx-x86_64

Version: 0.4.1
Flags: --no-vignettes
Check: data for non-ASCII characters
Result: NOTE
     Note: found 16 marked UTF-8 strings
Flavor: r-patched-solaris-x86