CRAN Package Check Results for Package parsemsf

Last updated on 2020-06-05 01:50:10 CEST.

Flavor Version Tinstall Tcheck Ttotal Status Flags
r-devel-linux-x86_64-debian-clang 0.1.1 4.16 55.99 60.15 OK
r-devel-linux-x86_64-debian-gcc 0.1.1 3.75 42.81 46.56 OK
r-devel-linux-x86_64-fedora-clang 0.1.1 80.72 NOTE
r-devel-linux-x86_64-fedora-gcc 0.1.1 72.04 NOTE
r-devel-windows-ix86+x86_64 0.1.1 26.00 98.00 124.00 OK
r-patched-linux-x86_64 0.1.1 4.74 55.20 59.94 OK
r-patched-solaris-x86 0.1.1 100.90 NOTE
r-release-linux-x86_64 0.1.1 4.55 56.94 61.49 OK
r-release-osx-x86_64 0.1.1 NOTE
r-release-windows-ix86+x86_64 0.1.1 12.00 66.00 78.00 OK
r-oldrel-osx-x86_64 0.1.1 NOTE
r-oldrel-windows-ix86+x86_64 0.1.1 14.00 69.00 83.00 OK

Check Details

Version: 0.1.1
Check: dependencies in R code
Result: NOTE
    Namespace in Imports field not imported from: ‘dbplyr’
     All declared Imports should be used.
Flavors: r-devel-linux-x86_64-fedora-clang, r-devel-linux-x86_64-fedora-gcc, r-patched-solaris-x86, r-release-osx-x86_64, r-oldrel-osx-x86_64