CRAN Package Check Results for Package parsemsf

Last updated on 2019-10-15 01:50:26 CEST.

Flavor Version Tinstall Tcheck Ttotal Status Flags
r-devel-linux-x86_64-debian-clang 0.1.1 4.02 44.64 48.66 OK
r-devel-linux-x86_64-debian-gcc 0.1.1 3.22 34.80 38.02 OK
r-devel-linux-x86_64-fedora-clang 0.1.1 58.26 NOTE
r-devel-linux-x86_64-fedora-gcc 0.1.1 56.89 NOTE
r-devel-windows-ix86+x86_64 0.1.1 11.00 92.00 103.00 OK
r-patched-linux-x86_64 0.1.1 4.09 42.61 46.70 OK
r-patched-solaris-x86 0.1.1 85.10 NOTE
r-release-linux-x86_64 0.1.1 3.77 42.68 46.45 OK
r-release-windows-ix86+x86_64 0.1.1 16.00 56.00 72.00 OK
r-release-osx-x86_64 0.1.1 NOTE
r-oldrel-windows-ix86+x86_64 0.1.1 6.00 56.00 62.00 OK
r-oldrel-osx-x86_64 0.1.1 NOTE

Check Details

Version: 0.1.1
Check: dependencies in R code
Result: NOTE
    Namespace in Imports field not imported from: ‘dbplyr’
     All declared Imports should be used.
Flavors: r-devel-linux-x86_64-fedora-clang, r-devel-linux-x86_64-fedora-gcc, r-patched-solaris-x86, r-release-osx-x86_64, r-oldrel-osx-x86_64