CRAN Package Check Results for Package parsnip

Last updated on 2020-06-02 01:55:38 CEST.

Flavor Version Tinstall Tcheck Ttotal Status Flags
r-devel-linux-x86_64-debian-clang 0.1.1 13.38 153.62 167.00 OK
r-devel-linux-x86_64-debian-gcc 0.1.1 10.50 125.87 136.37 OK
r-devel-linux-x86_64-fedora-clang 0.1.1 214.25 OK
r-devel-linux-x86_64-fedora-gcc 0.1.1 224.29 ERROR
r-devel-windows-ix86+x86_64 0.1.1 33.00 208.00 241.00 OK
r-patched-linux-x86_64 0.1.1 12.09 150.69 162.78 OK
r-patched-solaris-x86 0.1.1 267.30 OK
r-release-linux-x86_64 0.1.1 13.70 150.94 164.64 OK
r-release-osx-x86_64 0.1.1 OK
r-release-windows-ix86+x86_64 0.1.1 21.00 157.00 178.00 OK
r-oldrel-osx-x86_64 0.1.1 OK
r-oldrel-windows-ix86+x86_64 0.1.1 18.00 162.00 180.00 OK

Check Details

Version: 0.1.1
Check: tests
Result: ERROR
     Running ‘testthat.R’ [127s/133s]
    Running the tests in ‘tests/testthat.R’ failed.
    Complete output:
     > library(testthat)
     > library(parsnip)
     >
     > test_check("parsnip")
     ── 1. Failure: glmnet probabilities, one lambda (@test_logistic_reg_glmnet.R#265
     form_pred[1, ] not equal to `one_row`.
     Component ".pred_bad": names for target but not for current
     Component ".pred_good": names for target but not for current
    
     ══ testthat results ═══════════════════════════════════════════════════════════
     [ OK: 922 | SKIPPED: 27 | WARNINGS: 31 | FAILED: 1 ]
     1. Failure: glmnet probabilities, one lambda (@test_logistic_reg_glmnet.R#265)
    
     Error: testthat unit tests failed
     Execution halted
Flavor: r-devel-linux-x86_64-fedora-gcc