CRAN Package Check Results for Package partools

Last updated on 2020-09-19 00:50:12 CEST.

Flavor Version Tinstall Tcheck Ttotal Status Flags
r-devel-linux-x86_64-debian-clang 1.1.6 5.48 42.98 48.46 NOTE
r-devel-linux-x86_64-debian-gcc 1.1.6 3.80 33.03 36.83 NOTE
r-devel-linux-x86_64-fedora-clang 1.1.6 69.65 NOTE
r-devel-linux-x86_64-fedora-gcc 1.1.6 57.83 NOTE
r-devel-windows-ix86+x86_64 1.1.6 10.00 57.00 67.00 OK
r-patched-linux-x86_64 1.1.6 4.21 42.21 46.42 NOTE
r-patched-solaris-x86 1.1.6 100.70 NOTE
r-release-linux-x86_64 1.1.6 5.06 42.34 47.40 NOTE
r-release-macos-x86_64 1.1.6 OK
r-release-windows-ix86+x86_64 1.1.6 9.00 70.00 79.00 OK
r-oldrel-macos-x86_64 1.1.6 OK
r-oldrel-windows-ix86+x86_64 1.1.6 6.00 68.00 74.00 OK

Check Details

Version: 1.1.6
Check: for non-standard things in the check directory
Result: NOTE
    Found the following files/directories:
     'co2' 'co2.1' 'co2.2' 'co2s.1' 'co2s.2' 'ctm.1' 'ctm.2' 'm' 'm.1'
     'm.2' 'test' 'test.1' 'test.2' 'testa.1' 'testa.2' 'xfile.1'
     'xfile.2'
Flavors: r-devel-linux-x86_64-debian-clang, r-devel-linux-x86_64-debian-gcc, r-devel-linux-x86_64-fedora-clang, r-devel-linux-x86_64-fedora-gcc, r-patched-linux-x86_64, r-patched-solaris-x86, r-release-linux-x86_64