CRAN Package Check Results for Package partools

Last updated on 2021-09-26 01:50:00 CEST.

Flavor Version Tinstall Tcheck Ttotal Status Flags
r-devel-linux-x86_64-debian-clang 1.1.6 3.86 47.58 51.44 NOTE
r-devel-linux-x86_64-debian-gcc 1.1.6 3.70 35.12 38.82 NOTE
r-devel-linux-x86_64-fedora-clang 1.1.6 68.96 NOTE
r-devel-linux-x86_64-fedora-gcc 1.1.6 57.61 NOTE
r-devel-windows-x86_64 1.1.6 5.00 53.00 58.00 OK
r-devel-windows-x86_64-gcc10-UCRT 1.1.6 OK
r-patched-linux-x86_64 1.1.6 4.29 43.99 48.28 NOTE
r-patched-solaris-x86 1.1.6 109.80 NOTE
r-release-linux-x86_64 1.1.6 4.80 44.10 48.90 NOTE
r-release-macos-arm64 1.1.6 OK
r-release-macos-x86_64 1.1.6 OK
r-release-windows-ix86+x86_64 1.1.6 11.00 52.00 63.00 OK
r-oldrel-macos-x86_64 1.1.6 OK
r-oldrel-windows-ix86+x86_64 1.1.6 6.00 50.00 56.00 OK

Check Details

Version: 1.1.6
Check: for non-standard things in the check directory
Result: NOTE
    Found the following files/directories:
     'co2' 'co2.1' 'co2.2' 'co2s.1' 'co2s.2' 'ctm.1' 'ctm.2' 'm' 'm.1'
     'm.2' 'test' 'test.1' 'test.2' 'testa.1' 'testa.2' 'xfile.1'
     'xfile.2'
Flavors: r-devel-linux-x86_64-debian-clang, r-devel-linux-x86_64-debian-gcc, r-devel-linux-x86_64-fedora-clang, r-devel-linux-x86_64-fedora-gcc, r-patched-linux-x86_64, r-patched-solaris-x86, r-release-linux-x86_64