CRAN Package Check Results for Package patentr

Last updated on 2021-09-22 01:48:59 CEST.

Flavor Version Tinstall Tcheck Ttotal Status Flags
r-devel-linux-x86_64-debian-clang 0.1.4 22.43 40.36 62.79 OK
r-devel-linux-x86_64-debian-gcc 0.1.4 13.19 31.35 44.54 OK
r-devel-linux-x86_64-fedora-clang 0.1.4 91.54 OK
r-devel-linux-x86_64-fedora-gcc 0.1.4 73.22 OK
r-devel-windows-x86_64 0.1.4 21.00 55.00 76.00 OK
r-devel-windows-x86_64-gcc10-UCRT 0.1.4 ERROR
r-patched-linux-x86_64 0.1.4 17.63 38.28 55.91 OK
r-patched-solaris-x86 0.1.4 81.20 OK
r-release-linux-x86_64 0.1.4 16.53 38.85 55.38 OK
r-release-macos-arm64 0.1.4 OK
r-release-macos-x86_64 0.1.4 OK
r-release-windows-ix86+x86_64 0.1.4 46.00 74.00 120.00 OK
r-oldrel-macos-x86_64 0.1.4 OK
r-oldrel-windows-ix86+x86_64 0.1.4 51.00 86.00 137.00 OK

Check Details

Version: 0.1.4
Check: whether package can be installed
Result: ERROR
    Installation failed.
Flavor: r-devel-windows-x86_64-gcc10-UCRT