CRAN Package Check Results for Package pathfindR

Last updated on 2024-06-23 07:58:05 CEST.

Flavor Version Tinstall Tcheck Ttotal Status Flags
r-devel-linux-x86_64-debian-clang 2.4.1 12.85 318.42 331.27 OK
r-devel-linux-x86_64-debian-gcc 2.4.1 10.07 231.67 241.74 OK
r-devel-linux-x86_64-fedora-clang 2.4.1 432.32 OK
r-devel-linux-x86_64-fedora-gcc 2.4.1 420.30 OK
r-devel-windows-x86_64 2.4.1 13.00 257.00 270.00 OK
r-patched-linux-x86_64 2.4.1 12.18 303.01 315.19 OK
r-release-linux-x86_64 2.4.1 8.96 302.67 311.63 OK
r-release-macos-arm64 2.4.1 6.00 ERROR
r-release-macos-x86_64 2.4.1 8.00 ERROR
r-release-windows-x86_64 2.4.1 14.00 259.00 273.00 OK
r-oldrel-macos-arm64 2.4.1 10.00 ERROR
r-oldrel-macos-x86_64 2.4.1 11.00 ERROR
r-oldrel-windows-x86_64 2.4.1 16.00 319.00 335.00 OK

Check Details

Version: 2.4.1
Check: package dependencies
Result: ERROR Package required but not available: ‘ggkegg’ See section ‘The DESCRIPTION file’ in the ‘Writing R Extensions’ manual. Flavors: r-release-macos-arm64, r-release-macos-x86_64, r-oldrel-macos-arm64, r-oldrel-macos-x86_64