CRAN Package Check Results for Package pavo

Last updated on 2024-02-21 07:52:36 CET.

Flavor Version Tinstall Tcheck Ttotal Status Flags
r-devel-linux-x86_64-debian-clang 2.9.0 OK
r-devel-linux-x86_64-debian-gcc 2.9.0 12.12 158.65 170.77 OK
r-devel-linux-x86_64-fedora-clang 2.9.0 265.04 NOTE
r-devel-linux-x86_64-fedora-gcc 2.9.0 299.61 OK
r-devel-windows-x86_64 2.9.0 13.00 172.00 185.00 OK
r-patched-linux-x86_64 2.9.0 18.56 218.71 237.27 OK
r-release-linux-x86_64 2.9.0 12.65 213.79 226.44 OK
r-release-macos-arm64 2.9.0 81.00 OK
r-release-macos-x86_64 2.9.0 254.00 OK
r-release-windows-x86_64 2.9.0 19.00 203.00 222.00 OK
r-oldrel-macos-arm64 2.9.0 149.00 OK
r-oldrel-windows-x86_64 2.9.0 19.00 206.00 225.00 OK

Check Details

Version: 2.9.0
Check: Rd cross-references
Result: NOTE Undeclared package ‘future’ in Rd xrefs Flavor: r-devel-linux-x86_64-fedora-clang