Last updated on 2025-01-17 07:49:20 CET.
Flavor | Version | Tinstall | Tcheck | Ttotal | Status | Flags |
---|---|---|---|---|---|---|
r-devel-linux-x86_64-debian-clang | 0.7.0 | 139.71 | 292.84 | 432.55 | OK | |
r-devel-linux-x86_64-debian-gcc | 0.7.0 | 78.20 | 186.22 | 264.42 | OK | |
r-devel-linux-x86_64-fedora-clang | 0.7.0 | 686.70 | OK | |||
r-devel-linux-x86_64-fedora-gcc | 0.7.0 | 678.23 | OK | |||
r-devel-windows-x86_64 | 0.7.0 | 128.00 | 574.00 | 702.00 | OK | |
r-patched-linux-x86_64 | 0.7.0 | 160.52 | 272.66 | 433.18 | OK | |
r-release-linux-x86_64 | 0.7.0 | 125.33 | 270.12 | 395.45 | OK | |
r-release-macos-arm64 | 0.7.0 | 153.00 | NOTE | |||
r-release-macos-x86_64 | 0.7.0 | 327.00 | NOTE | |||
r-release-windows-x86_64 | 0.7.0 | 121.00 | 555.00 | 676.00 | NOTE | |
r-oldrel-macos-arm64 | 0.7.0 | 153.00 | NOTE | |||
r-oldrel-macos-x86_64 | 0.7.0 | 336.00 | NOTE | |||
r-oldrel-windows-x86_64 | 0.7.0 | 157.00 | 690.00 | 847.00 | NOTE |
Version: 0.7.0
Check: installed package size
Result: NOTE
installed size is 8.4Mb
sub-directories of 1Mb or more:
R 4.1Mb
help 4.1Mb
Flavors: r-release-macos-arm64, r-release-macos-x86_64, r-release-windows-x86_64, r-oldrel-macos-arm64, r-oldrel-macos-x86_64, r-oldrel-windows-x86_64