CRAN Package Check Results for Package pbdMPI

Last updated on 2019-12-12 01:52:48 CET.

Flavor Version Tinstall Tcheck Ttotal Status Flags
r-devel-linux-x86_64-debian-clang 0.4-2 21.48 69.90 91.38 OK
r-devel-linux-x86_64-debian-gcc 0.4-2 12.21 53.69 65.90 OK
r-devel-linux-x86_64-fedora-clang 0.4-2 119.12 OK
r-devel-linux-x86_64-fedora-gcc 0.4-2 104.77 OK
r-devel-windows-ix86+x86_64 0.4-2 106.00 93.00 199.00 OK
r-devel-windows-ix86+x86_64-gcc8 0.4-2 69.00 100.00 169.00 OK
r-patched-linux-x86_64 0.4-2 13.13 63.59 76.72 OK
r-patched-solaris-x86 0.4-2 137.40 OK
r-release-linux-x86_64 0.4-2 13.51 64.18 77.69 OK
r-release-windows-ix86+x86_64 0.4-1 90.00 137.00 227.00 OK
r-release-osx-x86_64 0.4-2 ERROR
r-oldrel-windows-ix86+x86_64 0.4-2 95.00 89.00 184.00 OK
r-oldrel-osx-x86_64 0.4-2 ERROR

Check Details

Version: 0.4-2
Check: package dependencies
Result: NOTE
    Package which this enhances but not available for checking: ‘pbdPROF’
Flavors: r-release-osx-x86_64, r-oldrel-osx-x86_64

Version: 0.4-2
Check: whether package can be installed
Result: ERROR
    Installation failed.
Flavors: r-release-osx-x86_64, r-oldrel-osx-x86_64