CRAN Package Check Results for Package pbdMPI

Last updated on 2020-07-11 02:09:29 CEST.

Flavor Version Tinstall Tcheck Ttotal Status Flags
r-devel-linux-x86_64-debian-clang 0.4-3 18.14 72.48 90.62 OK
r-devel-linux-x86_64-debian-gcc 0.4-3 13.64 56.81 70.45 OK
r-devel-linux-x86_64-fedora-clang 0.4-3 120.56 OK
r-devel-linux-x86_64-fedora-gcc 0.4-3 108.85 OK
r-devel-windows-ix86+x86_64 0.4-3 68.00 105.00 173.00 OK
r-patched-linux-x86_64 0.4-3 15.20 73.43 88.63 OK
r-patched-solaris-x86 0.4-3 192.60 OK
r-release-linux-x86_64 0.4-3 14.56 73.25 87.81 OK
r-release-osx-x86_64 0.4-3 ERROR
r-release-windows-ix86+x86_64 0.4-3 65.00 120.00 185.00 OK
r-oldrel-osx-x86_64 0.4-3 ERROR
r-oldrel-windows-ix86+x86_64 0.4-3 67.00 93.00 160.00 OK

Check Details

Version: 0.4-3
Check: package dependencies
Result: NOTE
    Packages which this enhances but not available for checking:
     'pbdPROF', 'pbdZMQ'
Flavor: r-release-osx-x86_64

Version: 0.4-3
Check: whether package can be installed
Result: ERROR
    Installation failed.
Flavors: r-release-osx-x86_64, r-oldrel-osx-x86_64

Version: 0.4-3
Check: package dependencies
Result: NOTE
    Package which this enhances but not available for checking: ‘pbdPROF’
Flavor: r-oldrel-osx-x86_64