CRAN Package Check Results for Package pbdZMQ

Last updated on 2020-08-10 01:50:00 CEST.

Flavor Version Tinstall Tcheck Ttotal Status Flags
r-devel-linux-x86_64-debian-clang 0.3-3 6.60 35.15 41.75 NOTE
r-devel-linux-x86_64-debian-gcc 0.3-3 4.94 28.03 32.97 NOTE
r-devel-linux-x86_64-fedora-clang 0.3-3 59.80 NOTE
r-devel-linux-x86_64-fedora-gcc 0.3-3 49.76 NOTE
r-devel-windows-ix86+x86_64 0.3-3 635.00 75.00 710.00 NOTE
r-patched-linux-x86_64 0.3-3 6.07 34.91 40.98 NOTE
r-patched-solaris-x86 0.3-3 62.70 NOTE
r-release-linux-x86_64 0.3-3 5.89 35.23 41.12 NOTE
r-release-macos-x86_64 0.3-3 NOTE
r-release-windows-ix86+x86_64 0.3-3 517.00 87.00 604.00 NOTE
r-oldrel-macos-x86_64 0.3-3 WARN
r-oldrel-windows-ix86+x86_64 0.3-3 372.00 106.00 478.00 NOTE

Check Details

Version: 0.3-3
Check: line endings in C/C++/Fortran sources/headers
Result: NOTE
    Found the following sources/headers with CR or CRLF line endings:
     src/zmqsrc/src/condition_variable.hpp
    Some Unix compilers require LF line endings.
Flavors: r-devel-linux-x86_64-debian-clang, r-devel-linux-x86_64-debian-gcc, r-devel-linux-x86_64-fedora-clang, r-devel-linux-x86_64-fedora-gcc, r-devel-windows-ix86+x86_64, r-patched-linux-x86_64, r-patched-solaris-x86, r-release-linux-x86_64, r-release-macos-x86_64, r-release-windows-ix86+x86_64, r-oldrel-macos-x86_64, r-oldrel-windows-ix86+x86_64

Version: 0.3-3
Check: whether package can be installed
Result: WARN
    Found the following significant warnings:
     WARNING: shared objects/dynamic libraries with hard-coded temporary installation paths
Flavor: r-oldrel-macos-x86_64