CRAN Package Check Results for Package pbdZMQ

Last updated on 2020-01-19 01:50:14 CET.

Flavor Version Tinstall Tcheck Ttotal Status Flags
r-devel-linux-x86_64-debian-clang 0.3-3 6.92 34.39 41.31 NOTE
r-devel-linux-x86_64-debian-gcc 0.3-3 4.95 26.89 31.84 NOTE
r-devel-linux-x86_64-fedora-clang 0.3-3 51.66 NOTE
r-devel-linux-x86_64-fedora-gcc 0.3-3 49.48 NOTE
r-devel-windows-ix86+x86_64 0.3-3 565.00 97.00 662.00 NOTE
r-devel-windows-ix86+x86_64-gcc8 0.3-3 531.00 97.00 628.00 NOTE
r-patched-linux-x86_64 0.3-3 4.74 31.79 36.53 NOTE
r-patched-solaris-x86 0.3-3 64.70 NOTE
r-release-linux-x86_64 0.3-3 5.36 32.25 37.61 NOTE
r-release-windows-ix86+x86_64 0.3-3 372.00 106.00 478.00 NOTE
r-release-osx-x86_64 0.3-3 WARN
r-oldrel-windows-ix86+x86_64 0.3-3 365.00 68.00 433.00 OK
r-oldrel-osx-x86_64 0.3-3 OK

Check Details

Version: 0.3-3
Check: line endings in C/C++/Fortran sources/headers
Result: NOTE
    Found the following sources/headers with CR or CRLF line endings:
     src/zmqsrc/src/condition_variable.hpp
    Some Unix compilers require LF line endings.
Flavors: r-devel-linux-x86_64-debian-clang, r-devel-linux-x86_64-debian-gcc, r-devel-linux-x86_64-fedora-clang, r-devel-linux-x86_64-fedora-gcc, r-devel-windows-ix86+x86_64, r-devel-windows-ix86+x86_64-gcc8, r-patched-linux-x86_64, r-patched-solaris-x86, r-release-linux-x86_64, r-release-windows-ix86+x86_64, r-release-osx-x86_64

Version: 0.3-3
Check: whether package can be installed
Result: WARN
    Found the following significant warnings:
     WARNING: shared objects/dynamic libraries with hard-coded temporary installation paths
Flavor: r-release-osx-x86_64