CRAN Package Check Results for Package pbivnorm

Last updated on 2021-08-03 01:50:41 CEST.

Flavor Version Tinstall Tcheck Ttotal Status Flags
r-devel-linux-x86_64-debian-clang 0.6.0 2.56 19.87 22.43 OK
r-devel-linux-x86_64-debian-gcc 0.6.0 2.00 16.00 18.00 OK
r-devel-linux-x86_64-fedora-clang 0.6.0 37.17 NOTE
r-devel-linux-x86_64-fedora-gcc 0.6.0 26.48 NOTE
r-devel-windows-x86_64 0.6.0 4.00 31.00 35.00 OK
r-devel-windows-x86_64-gcc10-UCRT 0.6.0 OK
r-patched-linux-x86_64 0.6.0 OK
r-patched-solaris-x86 0.6.0 43.90 OK
r-release-linux-x86_64 0.6.0 2.26 19.44 21.70 OK
r-release-macos-arm64 0.6.0 OK
r-release-macos-x86_64 0.6.0 OK
r-release-windows-ix86+x86_64 0.6.0 7.00 29.00 36.00 OK
r-oldrel-macos-x86_64 0.6.0 OK
r-oldrel-windows-ix86+x86_64 0.6.0 6.00 28.00 34.00 OK

Check Details

Version: 0.6.0
Check: compiled code
Result: NOTE
    File ‘pbivnorm/libs/pbivnorm.so’:
     Found no calls to: ‘R_registerRoutines’, ‘R_useDynamicSymbols’
    
    It is good practice to register native routines and to disable symbol
    search.
    
    See ‘Writing portable packages’ in the ‘Writing R Extensions’ manual.
Flavors: r-devel-linux-x86_64-fedora-clang, r-devel-linux-x86_64-fedora-gcc