CRAN Package Check Results for Package pbixr

Last updated on 2023-09-22 07:57:39 CEST.

Flavor Version Tinstall Tcheck Ttotal Status Flags
r-devel-linux-x86_64-debian-clang 0.1.4 7.25 59.37 66.62 NOTE
r-devel-linux-x86_64-debian-gcc 0.1.4 4.89 44.23 49.12 NOTE
r-devel-linux-x86_64-fedora-clang 0.1.4 87.44 NOTE
r-devel-linux-x86_64-fedora-gcc 0.1.4 91.47 NOTE
r-devel-windows-x86_64 0.1.4 6.00 67.00 73.00 NOTE
r-patched-linux-x86_64 0.1.4 5.10 54.84 59.94 NOTE
r-release-linux-x86_64 0.1.4 4.36 54.79 59.15 NOTE
r-release-macos-arm64 0.1.4 36.00 NOTE
r-release-macos-x86_64 0.1.4 57.00 NOTE
r-release-windows-x86_64 0.1.4 10.00 74.00 84.00 NOTE
r-oldrel-macos-arm64 0.1.4 29.00 NOTE
r-oldrel-macos-x86_64 0.1.4 49.00 NOTE
r-oldrel-windows-x86_64 0.1.4 8.00 73.00 81.00 NOTE

Check Details

Version: 0.1.4
Check: LazyData
Result: NOTE
     'LazyData' is specified without a 'data' directory
Flavors: r-devel-linux-x86_64-debian-clang, r-devel-linux-x86_64-debian-gcc, r-devel-linux-x86_64-fedora-clang, r-devel-linux-x86_64-fedora-gcc, r-devel-windows-x86_64, r-patched-linux-x86_64, r-release-linux-x86_64, r-release-macos-arm64, r-release-macos-x86_64, r-release-windows-x86_64, r-oldrel-macos-arm64, r-oldrel-macos-x86_64, r-oldrel-windows-x86_64