CRAN Package Check Results for Package pcaPP

Last updated on 2020-08-11 01:54:44 CEST.

Flavor Version Tinstall Tcheck Ttotal Status Flags
r-devel-linux-x86_64-debian-clang 1.9-73 16.71 43.31 60.02 OK
r-devel-linux-x86_64-debian-gcc 1.9-73 11.91 34.21 46.12 OK
r-devel-linux-x86_64-fedora-clang 1.9-73 83.88 NOTE
r-devel-linux-x86_64-fedora-gcc 1.9-73 79.96 OK
r-devel-windows-ix86+x86_64 1.9-73 46.00 75.00 121.00 OK
r-patched-linux-x86_64 1.9-73 13.12 44.64 57.76 OK
r-patched-solaris-x86 1.9-73 107.00 OK
r-release-linux-x86_64 1.9-73 12.87 44.45 57.32 OK
r-release-macos-x86_64 1.9-73 OK
r-release-windows-ix86+x86_64 1.9-73 49.00 93.00 142.00 OK
r-oldrel-macos-x86_64 1.9-73 OK
r-oldrel-windows-ix86+x86_64 1.9-73 56.00 83.00 139.00 OK

Check Details

Version: 1.9-73
Check: Rd cross-references
Result: NOTE
    Undeclared package ‘robustbase’ in Rd xrefs
Flavor: r-devel-linux-x86_64-fedora-clang